{"id":74,"date":"2017-03-15T02:44:27","date_gmt":"2017-03-15T06:44:27","guid":{"rendered":"http:\/\/www.astrorimouski.net\/club\/?page_id=74"},"modified":"2023-03-15T16:40:34","modified_gmt":"2023-03-15T20:40:34","slug":"abonnement","status":"publish","type":"page","link":"https:\/\/www.astrorimouski.net\/club\/divers\/abonnement\/","title":{"rendered":"Inscription"},"content":{"rendered":"\n<p><\/p>\n\n\n\n<p>Cette page est r\u00e9serv\u00e9e aux demandes d&rsquo;adh\u00e9sion. Si vous d\u00e9sirez nous contacter pour tout autre sujet, veuillez utiliser le <a href=\"https:\/\/www.astrorimouski.net\/club\/divers\/formulaire-de-contact\/\"><strong>Formulaire de contact<\/strong><\/a><\/p>\n\n\n<div class=\"wpforms-container wpforms-container-full\" id=\"wpforms-161\"><form id=\"wpforms-form-161\" class=\"wpforms-validate wpforms-form\" data-formid=\"161\" method=\"post\" enctype=\"multipart\/form-data\" action=\"\/club\/wp-json\/wp\/v2\/pages\/74\" data-token=\"e6dfc2a6061e0e26b81b7afc80c9af8b\" data-token-time=\"1777640759\"><div class=\"wpforms-head-container\"><div class=\"wpforms-title\">Formulaire de demande d&#039;adh\u00e9sion au Club d&#039;astronomie de Rimouski<\/div><\/div><noscript class=\"wpforms-error-noscript\">Veuillez activer JavaScript dans votre navigateur pour remplir ce formulaire.<\/noscript><div class=\"wpforms-field-container\"><div id=\"wpforms-161-field_0-container\" class=\"wpforms-field wpforms-field-name\" data-field-id=\"0\"><label class=\"wpforms-field-label\">Nom <span class=\"wpforms-required-label\">*<\/span><\/label><div class=\"wpforms-field-row wpforms-field-medium\"><div class=\"wpforms-field-row-block wpforms-first wpforms-one-half\"><input type=\"text\" id=\"wpforms-161-field_0\" class=\"wpforms-field-name-first wpforms-field-required\" name=\"wpforms[fields][0][first]\" required><label for=\"wpforms-161-field_0\" class=\"wpforms-field-sublabel after\">Pr\u00e9nom<\/label><\/div><div class=\"wpforms-field-row-block wpforms-one-half\"><input type=\"text\" id=\"wpforms-161-field_0-last\" class=\"wpforms-field-name-last wpforms-field-required\" name=\"wpforms[fields][0][last]\" required><label for=\"wpforms-161-field_0-last\" class=\"wpforms-field-sublabel after\">Nom<\/label><\/div><\/div><\/div><div id=\"wpforms-161-field_1-container\" class=\"wpforms-field wpforms-field-email\" data-field-id=\"1\"><label class=\"wpforms-field-label\" for=\"wpforms-161-field_1\">Courriel <span class=\"wpforms-required-label\">*<\/span><\/label><input type=\"email\" id=\"wpforms-161-field_1\" class=\"wpforms-field-medium wpforms-field-required\" name=\"wpforms[fields][1]\" spellcheck=\"false\" required><\/div><div id=\"wpforms-161-field_7-container\" class=\"wpforms-field wpforms-field-text\" data-field-id=\"7\"><label class=\"wpforms-field-label\" for=\"wpforms-161-field_7\">Ville<\/label><input type=\"text\" id=\"wpforms-161-field_7\" class=\"wpforms-field-small\" name=\"wpforms[fields][7]\" ><\/div><div id=\"wpforms-161-field_5-container\" class=\"wpforms-field wpforms-field-text\" data-field-id=\"5\"><label class=\"wpforms-field-label\" for=\"wpforms-161-field_5\">T\u00e9l\u00e9phone \u00e0 domicile<\/label><input type=\"text\" id=\"wpforms-161-field_5\" class=\"wpforms-field-small\" name=\"wpforms[fields][5]\" ><\/div><div id=\"wpforms-161-field_6-container\" class=\"wpforms-field wpforms-field-text\" data-field-id=\"6\"><label class=\"wpforms-field-label\" for=\"wpforms-161-field_6\">T\u00e9l\u00e9phone au bureau<\/label><input type=\"text\" id=\"wpforms-161-field_6\" class=\"wpforms-field-small\" name=\"wpforms[fields][6]\" ><\/div><div id=\"wpforms-161-field_4-container\" class=\"wpforms-field wpforms-field-radio\" data-field-id=\"4\"><label class=\"wpforms-field-label\">Cat\u00e9gorie de membre<\/label><ul id=\"wpforms-161-field_4\"><li class=\"choice-1 depth-1\"><input type=\"radio\" id=\"wpforms-161-field_4_1\" name=\"wpforms[fields][4]\" value=\"0-12 ans \u2013 Gratuit (inclus membre \u00e0 la FAAQ)\"  ><label class=\"wpforms-field-label-inline\" for=\"wpforms-161-field_4_1\">0-12 ans \u2013 Gratuit (inclus membre \u00e0 la FAAQ)<\/label><\/li><li class=\"choice-2 depth-1\"><input type=\"radio\" id=\"wpforms-161-field_4_2\" name=\"wpforms[fields][4]\" value=\"13-20 ans \u2013 15,00\u00a0dollars  (inclus membre \u00e0 la FAAQ)\"  ><label class=\"wpforms-field-label-inline\" for=\"wpforms-161-field_4_2\">13-20 ans \u2013 15,00\u00a0dollars  (inclus membre \u00e0 la FAAQ)<\/label><\/li><li class=\"choice-3 depth-1\"><input type=\"radio\" id=\"wpforms-161-field_4_3\" name=\"wpforms[fields][4]\" value=\"21 ans et plus \u2013 36,50\u00a0dollars (inclus 23,50\u00a0dollars membre \u00e0 la FAAQ)\"  ><label class=\"wpforms-field-label-inline\" for=\"wpforms-161-field_4_3\">21 ans et plus \u2013 36,50\u00a0dollars (inclus 23,50\u00a0dollars membre \u00e0 la FAAQ)<\/label><\/li><li class=\"choice-4 depth-1\"><input type=\"radio\" id=\"wpforms-161-field_4_4\" name=\"wpforms[fields][4]\" value=\"Familial \u2013 59,00\u00a0dollars (inclus 33,00\u00a0dollars  membre \u00e0 la FAAQ)\"  ><label class=\"wpforms-field-label-inline\" for=\"wpforms-161-field_4_4\">Familial \u2013 59,00\u00a0dollars (inclus 33,00\u00a0dollars  membre \u00e0 la FAAQ)<\/label><\/li><\/ul><\/div><div id=\"wpforms-161-field_2-container\" class=\"wpforms-field wpforms-field-textarea\" data-field-id=\"2\"><label class=\"wpforms-field-label\" for=\"wpforms-161-field_2\">Commentaire ou message<\/label><textarea id=\"wpforms-161-field_2\" class=\"wpforms-field-medium\" name=\"wpforms[fields][2]\" ><\/textarea><\/div><\/div><!-- .wpforms-field-container --><div class=\"wpforms-field wpforms-field-hp\"><label for=\"wpforms-161-field-hp\" class=\"wpforms-field-label\">Name<\/label><input type=\"text\" name=\"wpforms[hp]\" id=\"wpforms-161-field-hp\" class=\"wpforms-field-medium\"><\/div><div class=\"wpforms-submit-container\" ><input type=\"hidden\" name=\"wpforms[id]\" value=\"161\"><input type=\"hidden\" name=\"page_title\" value=\"\"><input type=\"hidden\" name=\"page_url\" value=\"https:\/\/www.astrorimouski.net\/club\/wp-json\/wp\/v2\/pages\/74\"><input type=\"hidden\" name=\"url_referer\" value=\"\"><button type=\"submit\" name=\"wpforms[submit]\" id=\"wpforms-submit-161\" class=\"wpforms-submit\" data-alt-text=\"En traitement...\" data-submit-text=\"Envoyer\" aria-live=\"assertive\" value=\"wpforms-submit\">Envoyer<\/button><\/div><\/form><\/div>  <!-- .wpforms-container -->\n<p>Sur r\u00e9ception de votre demande d&rsquo;inscription, un membre du Conseil d&rsquo;administration vous contactera d\u00e8s que possible pour compl\u00e9ter la proc\u00e9dure.<\/p>\n<p>Vous pouvez effectuer le paiement de votre inscription lors d&rsquo;une des r\u00e9unions mensuelles du Club ou par voie de virement Interac, ou encore par envoi postal.<\/p>\n\n\n<p><\/p>\n","protected":false},"excerpt":{"rendered":"<p>Cette page est r\u00e9serv\u00e9e aux demandes d&rsquo;adh\u00e9sion. Si vous d\u00e9sirez nous contacter pour tout autre sujet, veuillez utiliser le Formulaire de contact Sur r\u00e9ception de votre demande d&rsquo;inscription, un membre du Conseil d&rsquo;administration vous contactera d\u00e8s que possible pour compl\u00e9ter la proc\u00e9dure. Vous pouvez effectuer le paiement de votre inscription lors d&rsquo;une des r\u00e9unions mensuelles &#8230; <a title=\"Inscription\" class=\"read-more\" href=\"https:\/\/www.astrorimouski.net\/club\/divers\/abonnement\/\" aria-label=\"En savoir plus sur Inscription\">Lire la suite<\/a><\/p>\n","protected":false},"author":1,"featured_media":0,"parent":1159,"menu_order":0,"comment_status":"closed","ping_status":"closed","template":"","meta":{"footnotes":""},"class_list":["post-74","page","type-page","status-publish"],"_links":{"self":[{"href":"https:\/\/www.astrorimouski.net\/club\/wp-json\/wp\/v2\/pages\/74","targetHints":{"allow":["GET"]}}],"collection":[{"href":"https:\/\/www.astrorimouski.net\/club\/wp-json\/wp\/v2\/pages"}],"about":[{"href":"https:\/\/www.astrorimouski.net\/club\/wp-json\/wp\/v2\/types\/page"}],"author":[{"embeddable":true,"href":"https:\/\/www.astrorimouski.net\/club\/wp-json\/wp\/v2\/users\/1"}],"replies":[{"embeddable":true,"href":"https:\/\/www.astrorimouski.net\/club\/wp-json\/wp\/v2\/comments?post=74"}],"version-history":[{"count":14,"href":"https:\/\/www.astrorimouski.net\/club\/wp-json\/wp\/v2\/pages\/74\/revisions"}],"predecessor-version":[{"id":3769,"href":"https:\/\/www.astrorimouski.net\/club\/wp-json\/wp\/v2\/pages\/74\/revisions\/3769"}],"up":[{"embeddable":true,"href":"https:\/\/www.astrorimouski.net\/club\/wp-json\/wp\/v2\/pages\/1159"}],"wp:attachment":[{"href":"https:\/\/www.astrorimouski.net\/club\/wp-json\/wp\/v2\/media?parent=74"}],"curies":[{"name":"wp","href":"https:\/\/api.w.org\/{rel}","templated":true}]}}