{"id":43,"date":"2017-03-13T23:58:14","date_gmt":"2017-03-14T03:58:14","guid":{"rendered":"http:\/\/www.astrorimouski.net\/club\/?page_id=43"},"modified":"2026-04-11T14:06:37","modified_gmt":"2026-04-11T18:06:37","slug":"le-ciel-du-mois","status":"publish","type":"page","link":"https:\/\/www.astrorimouski.net\/club\/le-ciel-du-mois\/","title":{"rendered":"Le ciel du mois"},"content":{"rendered":"<p><img loading=\"lazy\" decoding=\"async\" class=\"wp-image-167 aligncenter\" src=\"https:\/\/www.astrorimouski.net\/club\/wp-content\/uploads\/2017\/03\/ciel-mois-300x128.jpg\" alt=\"\" width=\"732\" height=\"312\" srcset=\"https:\/\/www.astrorimouski.net\/club\/wp-content\/uploads\/2017\/03\/ciel-mois-300x128.jpg 300w, https:\/\/www.astrorimouski.net\/club\/wp-content\/uploads\/2017\/03\/ciel-mois-768x326.jpg 768w, https:\/\/www.astrorimouski.net\/club\/wp-content\/uploads\/2017\/03\/ciel-mois-1024x435.jpg 1024w, https:\/\/www.astrorimouski.net\/club\/wp-content\/uploads\/2017\/03\/ciel-mois-1030x438.jpg 1030w, https:\/\/www.astrorimouski.net\/club\/wp-content\/uploads\/2017\/03\/ciel-mois.jpg 1200w\" sizes=\"auto, (max-width: 732px) 100vw, 732px\" \/><\/p>\n<p>Voici pour t\u00e9l\u00e9chargement les fichiers du ciel du mois en format PDF.\u00a0 Chaque fichier couvre normalement une p\u00e9riode d&rsquo;un mois, entre les deux dates de nos r\u00e9unions mensuelles (g\u00e9n\u00e9ralement le second vendredi de chaque mois).\u00a0 Avant d&rsquo;\u00eatre publi\u00e9 sur ce site, chacun de ces fichiers \u00e0 fait l&rsquo;objet d&rsquo;une pr\u00e9sentation \u00e0 une de nos r\u00e9unions<\/p>\n<p>Bonne observation!<\/p>\n<h2>Le ciel du mois:<\/h2>\n<ul>\n<li><a href=\"https:\/\/www.astrorimouski.net\/clubdocuments\/ciel_du_mois\/2026\/20260410avril2026.pdf\"><strong>10 avril au 8 mai 2026<\/strong><\/a><\/li>\n<li><a href=\"https:\/\/www.astrorimouski.net\/clubdocuments\/ciel_du_mois\/2026\/20260313mars2026.pdf\"><strong>13 mars au 10 avril 2026<\/strong><\/a><\/li>\n<li><a href=\"https:\/\/www.astrorimouski.net\/clubdocuments\/ciel_du_mois\/2026\/20260213fevrier2026.pdf\"><strong>13 f\u00e9vrier au 13 mars 2026<\/strong><\/a><\/li>\n<li><a href=\"https:\/\/www.astrorimouski.net\/clubdocuments\/ciel_du_mois\/2026\/20260109janvier2026.pdf\"><strong>9 janvier au 13 f\u00e9vrier 2026<\/strong><\/a><\/li>\n<\/ul>\n\n\n<p><\/p>\n","protected":false},"excerpt":{"rendered":"<p>Voici pour t\u00e9l\u00e9chargement les fichiers du ciel du mois en format PDF.\u00a0 Chaque fichier couvre normalement une p\u00e9riode d&rsquo;un mois, entre les deux dates de nos r\u00e9unions mensuelles (g\u00e9n\u00e9ralement le second vendredi de chaque mois).\u00a0 Avant d&rsquo;\u00eatre publi\u00e9 sur ce site, chacun de ces fichiers \u00e0 fait l&rsquo;objet d&rsquo;une pr\u00e9sentation \u00e0 une de nos r\u00e9unions &#8230; <a title=\"Le ciel du mois\" class=\"read-more\" href=\"https:\/\/www.astrorimouski.net\/club\/le-ciel-du-mois\/\" aria-label=\"En savoir plus sur Le ciel du mois\">Lire la suite<\/a><\/p>\n","protected":false},"author":1,"featured_media":0,"parent":0,"menu_order":3,"comment_status":"closed","ping_status":"closed","template":"","meta":{"footnotes":""},"class_list":["post-43","page","type-page","status-publish"],"_links":{"self":[{"href":"https:\/\/www.astrorimouski.net\/club\/wp-json\/wp\/v2\/pages\/43","targetHints":{"allow":["GET"]}}],"collection":[{"href":"https:\/\/www.astrorimouski.net\/club\/wp-json\/wp\/v2\/pages"}],"about":[{"href":"https:\/\/www.astrorimouski.net\/club\/wp-json\/wp\/v2\/types\/page"}],"author":[{"embeddable":true,"href":"https:\/\/www.astrorimouski.net\/club\/wp-json\/wp\/v2\/users\/1"}],"replies":[{"embeddable":true,"href":"https:\/\/www.astrorimouski.net\/club\/wp-json\/wp\/v2\/comments?post=43"}],"version-history":[{"count":153,"href":"https:\/\/www.astrorimouski.net\/club\/wp-json\/wp\/v2\/pages\/43\/revisions"}],"predecessor-version":[{"id":5081,"href":"https:\/\/www.astrorimouski.net\/club\/wp-json\/wp\/v2\/pages\/43\/revisions\/5081"}],"wp:attachment":[{"href":"https:\/\/www.astrorimouski.net\/club\/wp-json\/wp\/v2\/media?parent=43"}],"curies":[{"name":"wp","href":"https:\/\/api.w.org\/{rel}","templated":true}]}}