{"id":419,"date":"2017-04-04T00:25:06","date_gmt":"2017-04-04T00:25:06","guid":{"rendered":"http:\/\/www.astrorimouski.net\/club\/?page_id=419"},"modified":"2026-03-01T09:36:00","modified_gmt":"2026-03-01T14:36:00","slug":"conseil-dadministration","status":"publish","type":"page","link":"https:\/\/www.astrorimouski.net\/club\/conseil-dadministration\/","title":{"rendered":"Conseil d&rsquo;administration"},"content":{"rendered":"<p><span class=\"titresection\">Conseil d&rsquo;administration 2026<\/span><\/p>\n<table border=\"0\" width=\"300\">\n<tbody>\n<tr>\n<td>Pr\u00e9sident<\/td>\n<td>Damien Lemay<\/td>\n<\/tr>\n<tr>\n<td>Vice-pr\u00e9sidente<\/td>\n<td>Patricia Browne<\/td>\n<\/tr>\n<tr>\n<td>Secr\u00e9taire<\/td>\n<td>Luc Bellavance<\/td>\n<\/tr>\n<tr>\n<td>Tr\u00e9sorier<\/td>\n<td>Guy Baillargeon<\/td>\n<\/tr>\n<tr>\n<td>Conseiller<\/td>\n<td>Pierre L\u00e9vesque<\/td>\n<\/tr>\n<tr>\n<td>Conseiller<\/td>\n<td>Paul Roy<\/td>\n<\/tr>\n<tr>\n<td>\u00a0<\/td>\n<td>\u00a0<\/td>\n<\/tr>\n<\/tbody>\n<\/table>\n<p>Vous pouvez facilement rejoindre les membres du Conseil en utilisant le <a href=\"https:\/\/www.astrorimouski.net\/club\/formulaire-de-contact\/\"><strong>formulaire de contact<\/strong><\/a><\/p>\n\n\n<p><\/p>\n","protected":false},"excerpt":{"rendered":"<p>Conseil d&rsquo;administration 2026 Pr\u00e9sident Damien Lemay Vice-pr\u00e9sidente Patricia Browne Secr\u00e9taire Luc Bellavance Tr\u00e9sorier Guy Baillargeon Conseiller Pierre L\u00e9vesque Conseiller Paul Roy \u00a0 \u00a0 Vous pouvez facilement rejoindre les membres du Conseil en utilisant le formulaire de contact<\/p>\n","protected":false},"author":1,"featured_media":0,"parent":0,"menu_order":0,"comment_status":"closed","ping_status":"closed","template":"","meta":{"footnotes":""},"class_list":["post-419","page","type-page","status-publish"],"_links":{"self":[{"href":"https:\/\/www.astrorimouski.net\/club\/wp-json\/wp\/v2\/pages\/419","targetHints":{"allow":["GET"]}}],"collection":[{"href":"https:\/\/www.astrorimouski.net\/club\/wp-json\/wp\/v2\/pages"}],"about":[{"href":"https:\/\/www.astrorimouski.net\/club\/wp-json\/wp\/v2\/types\/page"}],"author":[{"embeddable":true,"href":"https:\/\/www.astrorimouski.net\/club\/wp-json\/wp\/v2\/users\/1"}],"replies":[{"embeddable":true,"href":"https:\/\/www.astrorimouski.net\/club\/wp-json\/wp\/v2\/comments?post=419"}],"version-history":[{"count":23,"href":"https:\/\/www.astrorimouski.net\/club\/wp-json\/wp\/v2\/pages\/419\/revisions"}],"predecessor-version":[{"id":5038,"href":"https:\/\/www.astrorimouski.net\/club\/wp-json\/wp\/v2\/pages\/419\/revisions\/5038"}],"wp:attachment":[{"href":"https:\/\/www.astrorimouski.net\/club\/wp-json\/wp\/v2\/media?parent=419"}],"curies":[{"name":"wp","href":"https:\/\/api.w.org\/{rel}","templated":true}]}}