{"id":2606,"date":"2019-09-10T15:56:46","date_gmt":"2019-09-10T19:56:46","guid":{"rendered":"http:\/\/www.astrorimouski.net\/club\/?page_id=2606"},"modified":"2019-09-10T16:17:53","modified_gmt":"2019-09-10T20:17:53","slug":"jeu-questionnaire-no-17-2","status":"publish","type":"page","link":"https:\/\/www.astrorimouski.net\/club\/le-coin-du-debutant\/jeu-questionnaire-no-17-2\/","title":{"rendered":"Jeu questionnaire No 17 : Les mouvements de la Terre"},"content":{"rendered":"<div id=\"watu_quiz\" class=\"quiz-area single-page-quiz\">\n<form action=\"\" method=\"post\" class=\"quiz-form \" id=\"quiz-18\" >\n<div class='watu-question' id='question-1'><div class='question-content'><p><span class='watu_num'>1. <\/span>Qu&rsquo;est-ce que le point vernal ?<\/p>\n<\/div><input type='hidden' name='question_id[]' value='154' \/><div class='watu-questions-wrap '><input type='hidden' name='answer_ids[]' class='watu-answer-ids' value='813' \/><div class='watu-question-choice'><input type='radio' name='answer-154[]' id='answer-id-813' class='answer answer-1  answerof-154' value='813' \/>&nbsp;<label for='answer-id-813' id='answer-label-813' class=' answer label-1'><span class='answer'>C&rsquo;est un point dans le ciel indiquant le printemps.<\/span><\/label><\/div>\n<input type='hidden' name='answer_ids[]' class='watu-answer-ids' value='814' \/><div class='watu-question-choice'><input type='radio' name='answer-154[]' id='answer-id-814' class='answer answer-1  answerof-154' value='814' \/>&nbsp;<label for='answer-id-814' id='answer-label-814' class=' answer label-1'><span class='answer'>C&rsquo;est le point de passage du Soleil de l&rsquo;h\u00e9misph\u00e8re Sud \u00e0 l&rsquo;h\u00e9misph\u00e8re Nord au moment o\u00f9 il croise l&rsquo;\u00e9quateur c\u00e9leste.<\/span><\/label><\/div>\n<input type='hidden' name='answer_ids[]' class='watu-answer-ids' value='815' \/><div class='watu-question-choice'><input type='radio' name='answer-154[]' id='answer-id-815' class='answer answer-1  answerof-154' value='815' \/>&nbsp;<label for='answer-id-815' id='answer-label-815' class=' answer label-1'><span class='answer'>C&rsquo;est le point qui indique le Nord.<\/span><\/label><\/div>\n<input type='hidden' name='answer_ids[]' class='watu-answer-ids' value='816' \/><div class='watu-question-choice'><input type='radio' name='answer-154[]' id='answer-id-816' class='answer answer-1  answerof-154' value='816' \/>&nbsp;<label for='answer-id-816' id='answer-label-816' class=' answer label-1'><span class='answer'>C&rsquo;est le point situ\u00e9 au-dessus de notre t\u00eate.<\/span><\/label><\/div>\n<\/div><input type='hidden' id='questionType1' value='radio' class=''><\/div><div class='watu-question' id='question-2'><div class='question-content'><p><span class='watu_num'>2. <\/span>Quelle est le nom du mouvement de rotation qu\u2019on peut repr\u00e9senter avec une toupie ?<\/p>\n<\/div><input type='hidden' name='question_id[]' value='155' \/><div class='watu-questions-wrap '><input type='hidden' name='answer_ids[]' class='watu-answer-ids' value='807' \/><div class='watu-question-choice'><input type='radio' name='answer-155[]' id='answer-id-807' class='answer answer-2  answerof-155' value='807' \/>&nbsp;<label for='answer-id-807' id='answer-label-807' class=' answer label-2'><span class='answer'>La pr\u00e9cession<\/span><\/label><\/div>\n<input type='hidden' name='answer_ids[]' class='watu-answer-ids' value='808' \/><div class='watu-question-choice'><input type='radio' name='answer-155[]' id='answer-id-808' class='answer answer-2  answerof-155' value='808' \/>&nbsp;<label for='answer-id-808' id='answer-label-808' class=' answer label-2'><span class='answer'>La nutation<\/span><\/label><\/div>\n<input type='hidden' name='answer_ids[]' class='watu-answer-ids' value='809' \/><div class='watu-question-choice'><input type='radio' name='answer-155[]' id='answer-id-809' class='answer answer-2  answerof-155' value='809' \/>&nbsp;<label for='answer-id-809' id='answer-label-809' class=' answer label-2'><span class='answer'>Toutes ces r\u00e9ponses<\/span><\/label><\/div>\n<\/div><input type='hidden' id='questionType2' value='radio' class=''><\/div><div class='watu-question' id='question-3'><div class='question-content'><p><span class='watu_num'>3. <\/span>Dans combien de temps l\u2019axe de rotation de la terre pointera-t-il de nouveau vers l\u2019\u00e9toile polaire?<\/p>\n<\/div><input type='hidden' name='question_id[]' value='156' \/><div class='watu-questions-wrap '><input type='hidden' name='answer_ids[]' class='watu-answer-ids' value='817' \/><div class='watu-question-choice'><input type='radio' name='answer-156[]' id='answer-id-817' class='answer answer-3  answerof-156' value='817' \/>&nbsp;<label for='answer-id-817' id='answer-label-817' class=' answer label-3'><span class='answer'>13 000 ans<\/span><\/label><\/div>\n<input type='hidden' name='answer_ids[]' class='watu-answer-ids' value='818' \/><div class='watu-question-choice'><input type='radio' name='answer-156[]' id='answer-id-818' class='answer answer-3  answerof-156' value='818' \/>&nbsp;<label for='answer-id-818' id='answer-label-818' class=' answer label-3'><span class='answer'>26 000 ans<\/span><\/label><\/div>\n<input type='hidden' name='answer_ids[]' class='watu-answer-ids' value='819' \/><div class='watu-question-choice'><input type='radio' name='answer-156[]' id='answer-id-819' class='answer answer-3  answerof-156' value='819' \/>&nbsp;<label for='answer-id-819' id='answer-label-819' class=' answer label-3'><span class='answer'>100 000 ans<\/span><\/label><\/div>\n<\/div><input type='hidden' id='questionType3' value='radio' class=''><\/div><div class='watu-question' id='question-4'><div class='question-content'><p><span class='watu_num'>4. <\/span>Qu&rsquo;est ce qui cause le mouvement de pr\u00e9cession de la Terre ?<\/p>\n<\/div><input type='hidden' name='question_id[]' value='157' \/><div class='watu-questions-wrap '><input type='hidden' name='answer_ids[]' class='watu-answer-ids' value='820' \/><div class='watu-question-choice'><input type='radio' name='answer-157[]' id='answer-id-820' class='answer answer-4  answerof-157' value='820' \/>&nbsp;<label for='answer-id-820' id='answer-label-820' class=' answer label-4'><span class='answer'>L&rsquo;attraction de la Lune<\/span><\/label><\/div>\n<input type='hidden' name='answer_ids[]' class='watu-answer-ids' value='821' \/><div class='watu-question-choice'><input type='radio' name='answer-157[]' id='answer-id-821' class='answer answer-4  answerof-157' value='821' \/>&nbsp;<label for='answer-id-821' id='answer-label-821' class=' answer label-4'><span class='answer'>Un effet combin\u00e9 de l&rsquo;attraction de la Lune et du renflement \u00e9quatorial de la Terre<\/span><\/label><\/div>\n<input type='hidden' name='answer_ids[]' class='watu-answer-ids' value='822' \/><div class='watu-question-choice'><input type='radio' name='answer-157[]' id='answer-id-822' class='answer answer-4  answerof-157' value='822' \/>&nbsp;<label for='answer-id-822' id='answer-label-822' class=' answer label-4'><span class='answer'>La grande quantit\u00e9 d&rsquo;eau \u00e0 la surface de la Terre et sa rotation rapide<\/span><\/label><\/div>\n<\/div><input type='hidden' id='questionType4' value='radio' class=''><\/div><div class='watu-question' id='question-5'><div class='question-content'><p><span class='watu_num'>5. <\/span>De combien de fois la force gravitationnelle de la Lune est-elle plus importante que celle du Soleil ?<\/p>\n<\/div><input type='hidden' name='question_id[]' value='158' \/><div class='watu-questions-wrap '><input type='hidden' name='answer_ids[]' class='watu-answer-ids' value='823' \/><div class='watu-question-choice'><input type='radio' name='answer-158[]' id='answer-id-823' class='answer answer-5  answerof-158' value='823' \/>&nbsp;<label for='answer-id-823' id='answer-label-823' class=' answer label-5'><span class='answer'>111 fois<\/span><\/label><\/div>\n<input type='hidden' name='answer_ids[]' class='watu-answer-ids' value='824' \/><div class='watu-question-choice'><input type='radio' name='answer-158[]' id='answer-id-824' class='answer answer-5  answerof-158' value='824' \/>&nbsp;<label for='answer-id-824' id='answer-label-824' class=' answer label-5'><span class='answer'>700 fois<\/span><\/label><\/div>\n<input type='hidden' name='answer_ids[]' class='watu-answer-ids' value='825' \/><div class='watu-question-choice'><input type='radio' name='answer-158[]' id='answer-id-825' class='answer answer-5  answerof-158' value='825' \/>&nbsp;<label for='answer-id-825' id='answer-label-825' class=' answer label-5'><span class='answer'>50 000 fois<\/span><\/label><\/div>\n<\/div><input type='hidden' id='questionType5' value='radio' class=''><\/div><div class='watu-question' id='question-6'><div class='question-content'><p><span class='watu_num'>6. <\/span>Quel est le point de r\u00e9f\u00e9rence dans le calcul du temps de r\u00e9volution repr\u00e9sentant l\u2019ann\u00e9e ?<\/p>\n<\/div><input type='hidden' name='question_id[]' value='159' \/><div class='watu-questions-wrap '><input type='hidden' name='answer_ids[]' class='watu-answer-ids' value='826' \/><div class='watu-question-choice'><input type='radio' name='answer-159[]' id='answer-id-826' class='answer answer-6  answerof-159' value='826' \/>&nbsp;<label for='answer-id-826' id='answer-label-826' class=' answer label-6'><span class='answer'>Le point vernal<\/span><\/label><\/div>\n<input type='hidden' name='answer_ids[]' class='watu-answer-ids' value='827' \/><div class='watu-question-choice'><input type='radio' name='answer-159[]' id='answer-id-827' class='answer answer-6  answerof-159' value='827' \/>&nbsp;<label for='answer-id-827' id='answer-label-827' class=' answer label-6'><span class='answer'>Le Soleil<\/span><\/label><\/div>\n<input type='hidden' name='answer_ids[]' class='watu-answer-ids' value='828' \/><div class='watu-question-choice'><input type='radio' name='answer-159[]' id='answer-id-828' class='answer answer-6  answerof-159' value='828' \/>&nbsp;<label for='answer-id-828' id='answer-label-828' class=' answer label-6'><span class='answer'>Une \u00e9toile lointaine<\/span><\/label><\/div>\n<\/div><input type='hidden' id='questionType6' value='radio' class=''><\/div><div class='watu-question' id='question-7'><div class='question-content'><p><span class='watu_num'>7. <\/span>Quel est le nom repr\u00e9sentant le centre commun de rotation entre 2 astres ?<\/p>\n<\/div><input type='hidden' name='question_id[]' value='160' \/><div class='watu-questions-wrap '><input type='hidden' name='answer_ids[]' class='watu-answer-ids' value='829' \/><div class='watu-question-choice'><input type='radio' name='answer-160[]' id='answer-id-829' class='answer answer-7  answerof-160' value='829' \/>&nbsp;<label for='answer-id-829' id='answer-label-829' class=' answer label-7'><span class='answer'>Le barycentre<\/span><\/label><\/div>\n<input type='hidden' name='answer_ids[]' class='watu-answer-ids' value='830' \/><div class='watu-question-choice'><input type='radio' name='answer-160[]' id='answer-id-830' class='answer answer-7  answerof-160' value='830' \/>&nbsp;<label for='answer-id-830' id='answer-label-830' class=' answer label-7'><span class='answer'>Le centre de masse<\/span><\/label><\/div>\n<input type='hidden' name='answer_ids[]' class='watu-answer-ids' value='831' \/><div class='watu-question-choice'><input type='radio' name='answer-160[]' id='answer-id-831' class='answer answer-7  answerof-160' value='831' \/>&nbsp;<label for='answer-id-831' id='answer-label-831' class=' answer label-7'><span class='answer'>Le nadir<\/span><\/label><\/div>\n<input type='hidden' name='answer_ids[]' class='watu-answer-ids' value='832' \/><div class='watu-question-choice'><input type='radio' name='answer-160[]' id='answer-id-832' class='answer answer-7  answerof-160' value='832' \/>&nbsp;<label for='answer-id-832' id='answer-label-832' class=' answer label-7'><span class='answer'>Aucune de ces r\u00e9ponses<\/span><\/label><\/div>\n<\/div><input type='hidden' id='questionType7' value='radio' class=''><\/div><div style='display:none' id='question-8'><br \/><div class='question-content'><img loading=\"lazy\" decoding=\"async\" src=\"https:\/\/www.astrorimouski.net\/club\/wp-content\/plugins\/watu\/loading.gif\" width=\"16\" height=\"16\" alt=\"Chargement ...\" title=\"Chargement ...\" \/>&nbsp;Chargement &#8230;<\/div><\/div><br \/>\n<input type=\"button\" name=\"action\" onclick=\"Watu.submitResult()\" id=\"action-button\" value=\"Envoy\u00e9\"  class=\"watu-submit-button\" \/>\n<input type=\"hidden\" name=\"no_ajax\" value=\"0\"><input type=\"hidden\" name=\"quiz_id\" value=\"18\" \/>\n<input type=\"hidden\" id=\"watuStartTime\" name=\"start_time\" value=\"2026-05-01 11:10:20\" \/>\n<\/form>\n<\/div>\n<div id=\"watu-loading-result\" style=\"display:none;\">\n\t<p align=\"center\"><img loading=\"lazy\" decoding=\"async\" src=\"https:\/\/www.astrorimouski.net\/club\/wp-content\/plugins\/watu\/loading.gif\" width=\"16\" height=\"16\" alt=\"Chargement\" title=\"Chargement\" \/><\/p>\n<\/div>\t\n<script type=\"text\/javascript\">\nvar exam_id=0;\nvar question_ids='';\nvar watuURL='';\njQuery(function($){\nquestion_ids = \"154,155,156,157,158,159,160\";\nexam_id = 18;\nWatu.exam_id = exam_id;\nWatu.qArr = question_ids.split(',');\nWatu.post_id = 2606;\nWatu.singlePage = '1';\nWatu.hAppID = \"0.98730200 1777648220\";\nwatuURL = \"https:\/\/www.astrorimouski.net\/club\/wp-admin\/admin-ajax.php\";\nWatu.noAlertUnanswered = 0;\n});\n<\/script>\n","protected":false},"excerpt":{"rendered":"","protected":false},"author":4,"featured_media":0,"parent":1739,"menu_order":17,"comment_status":"closed","ping_status":"closed","template":"","meta":{"footnotes":""},"class_list":["post-2606","page","type-page","status-publish"],"_links":{"self":[{"href":"https:\/\/www.astrorimouski.net\/club\/wp-json\/wp\/v2\/pages\/2606","targetHints":{"allow":["GET"]}}],"collection":[{"href":"https:\/\/www.astrorimouski.net\/club\/wp-json\/wp\/v2\/pages"}],"about":[{"href":"https:\/\/www.astrorimouski.net\/club\/wp-json\/wp\/v2\/types\/page"}],"author":[{"embeddable":true,"href":"https:\/\/www.astrorimouski.net\/club\/wp-json\/wp\/v2\/users\/4"}],"replies":[{"embeddable":true,"href":"https:\/\/www.astrorimouski.net\/club\/wp-json\/wp\/v2\/comments?post=2606"}],"version-history":[{"count":2,"href":"https:\/\/www.astrorimouski.net\/club\/wp-json\/wp\/v2\/pages\/2606\/revisions"}],"predecessor-version":[{"id":2608,"href":"https:\/\/www.astrorimouski.net\/club\/wp-json\/wp\/v2\/pages\/2606\/revisions\/2608"}],"up":[{"embeddable":true,"href":"https:\/\/www.astrorimouski.net\/club\/wp-json\/wp\/v2\/pages\/1739"}],"wp:attachment":[{"href":"https:\/\/www.astrorimouski.net\/club\/wp-json\/wp\/v2\/media?parent=2606"}],"curies":[{"name":"wp","href":"https:\/\/api.w.org\/{rel}","templated":true}]}}