{"id":2408,"date":"2019-03-08T07:23:53","date_gmt":"2019-03-08T12:23:53","guid":{"rendered":"http:\/\/www.astrorimouski.net\/club\/?page_id=2408"},"modified":"2019-03-09T11:29:18","modified_gmt":"2019-03-09T16:29:18","slug":"jeu-questionnaire-no-17","status":"publish","type":"page","link":"https:\/\/www.astrorimouski.net\/club\/le-coin-du-debutant\/jeu-questionnaire-no-17\/","title":{"rendered":"Jeu questionnaire No 16 : les mouvements de la Lune"},"content":{"rendered":"\n<div id=\"watu_quiz\" class=\"quiz-area single-page-quiz\">\n<form action=\"\" method=\"post\" class=\"quiz-form \" id=\"quiz-17\" >\n<div class='watu-question' id='question-1'><div class='question-content'><p><span class='watu_num'>1. <\/span>Quel \u00e9nonc\u00e9 d\u00e9crit le mieux la situation.<\/p>\n<\/div><input type='hidden' name='question_id[]' value='142' \/><div class='watu-questions-wrap '><input type='hidden' name='answer_ids[]' class='watu-answer-ids' value='794' \/><div class='watu-question-choice'><input type='radio' name='answer-142[]' id='answer-id-794' class='answer answer-1  answerof-142' value='794' \/>&nbsp;<label for='answer-id-794' id='answer-label-794' class=' answer label-1'><span class='answer'>La Lune tourne autour de la Terre<\/span><\/label><\/div>\n<input type='hidden' name='answer_ids[]' class='watu-answer-ids' value='795' \/><div class='watu-question-choice'><input type='radio' name='answer-142[]' id='answer-id-795' class='answer answer-1  answerof-142' value='795' \/>&nbsp;<label for='answer-id-795' id='answer-label-795' class=' answer label-1'><span class='answer'>La Lune et la Terre tournent \u00e0 l\u2019unisson autour d\u2019un centre de masse commun<\/span><\/label><\/div>\n<\/div><input type='hidden' id='questionType1' value='radio' class=''><\/div><div class='watu-question' id='question-2'><div class='question-content'><p><span class='watu_num'>2. <\/span>Lequel ou lesquels parmi les \u00e9nonc\u00e9s suivants est ou sont vrais.<\/p>\n<\/div><input type='hidden' name='question_id[]' value='143' \/><div class='watu-questions-wrap '><input type='hidden' name='answer_ids[]' class='watu-answer-ids' value='796' \/><div class='watu-question-choice'><input type='checkbox' name='answer-143[]' id='answer-id-796' class='answer answer-2  answerof-143' value='796' \/>&nbsp;<label for='answer-id-796' id='answer-label-796' class=' answer label-2'><span class='answer'>L\u2019excentricit\u00e9 (e) de l\u2019orbite lunaire est stable \u00e0 0,0514<\/span><\/label><\/div>\n<input type='hidden' name='answer_ids[]' class='watu-answer-ids' value='797' \/><div class='watu-question-choice'><input type='checkbox' name='answer-143[]' id='answer-id-797' class='answer answer-2  answerof-143' value='797' \/>&nbsp;<label for='answer-id-797' id='answer-label-797' class=' answer label-2'><span class='answer'>La distance de la Terre au p\u00e9rig\u00e9e lunaire est variable <\/span><\/label><\/div>\n<input type='hidden' name='answer_ids[]' class='watu-answer-ids' value='798' \/><div class='watu-question-choice'><input type='checkbox' name='answer-143[]' id='answer-id-798' class='answer answer-2  answerof-143' value='798' \/>&nbsp;<label for='answer-id-798' id='answer-label-798' class=' answer label-2'><span class='answer'>La vitesse de la Lune sur son orbite augmente lorsqu\u2019elle se rapproche du p\u00e9rig\u00e9e <\/span><\/label><\/div>\n<input type='hidden' name='answer_ids[]' class='watu-answer-ids' value='799' \/><div class='watu-question-choice'><input type='checkbox' name='answer-143[]' id='answer-id-799' class='answer answer-2  answerof-143' value='799' \/>&nbsp;<label for='answer-id-799' id='answer-label-799' class=' answer label-2'><span class='answer'>La Lune nous para\u00eet plus grande lorsqu\u2019elle est \u00e0 son p\u00e9rig\u00e9e <\/span><\/label><\/div>\n<\/div><input type='hidden' id='questionType2' value='checkbox' class=''><\/div><div class='watu-question' id='question-3'><div class='question-content'><p><span class='watu_num'>3. <\/span>La Lune se d\u00e9place de 13 degr\u00e9s angulaires vers l\u2019Est \u00e0 chaque jour<\/p>\n<\/div><input type='hidden' name='question_id[]' value='144' \/><div class='watu-questions-wrap '><input type='hidden' name='answer_ids[]' class='watu-answer-ids' value='774' \/><div class='watu-question-choice'><input type='radio' name='answer-144[]' id='answer-id-774' class='answer answer-3  answerof-144' value='774' \/>&nbsp;<label for='answer-id-774' id='answer-label-774' class=' answer label-3'><span class='answer'>Vrai<\/span><\/label><\/div>\n<input type='hidden' name='answer_ids[]' class='watu-answer-ids' value='775' \/><div class='watu-question-choice'><input type='radio' name='answer-144[]' id='answer-id-775' class='answer answer-3  answerof-144' value='775' \/>&nbsp;<label for='answer-id-775' id='answer-label-775' class=' answer label-3'><span class='answer'>Faux<\/span><\/label><\/div>\n<\/div><input type='hidden' id='questionType3' value='radio' class=''><\/div><div class='watu-question' id='question-4'><div class='question-content'><p><span class='watu_num'>4. <\/span>Quel \u00e9nonc\u00e9 d\u00e9crit le mieux la situation<\/p>\n<\/div><input type='hidden' name='question_id[]' value='145' \/><div class='watu-questions-wrap '><input type='hidden' name='answer_ids[]' class='watu-answer-ids' value='776' \/><div class='watu-question-choice'><input type='radio' name='answer-145[]' id='answer-id-776' class='answer answer-4  answerof-145' value='776' \/>&nbsp;<label for='answer-id-776' id='answer-label-776' class=' answer label-4'><span class='answer'>Les phases de la Lune d\u00e9pendent de l\u2019ombre de la Terre projet\u00e9e sur sa surface<\/span><\/label><\/div>\n<input type='hidden' name='answer_ids[]' class='watu-answer-ids' value='777' \/><div class='watu-question-choice'><input type='radio' name='answer-145[]' id='answer-id-777' class='answer answer-4  answerof-145' value='777' \/>&nbsp;<label for='answer-id-777' id='answer-label-777' class=' answer label-4'><span class='answer'>Les phases de la Lune d\u00e9pendent de la position relative de la Lune par rapport au Soleil et \u00e0 la Terre<\/span><\/label><\/div>\n<\/div><input type='hidden' id='questionType4' value='radio' class=''><\/div><div class='watu-question' id='question-5'><div class='question-content'><p><span class='watu_num'>5. <\/span>Nous ne pouvons pas voir la Nouvelle Lune parce qu\u2019elle nous pr\u00e9sente sa face cach\u00e9e.<\/p>\n<\/div><input type='hidden' name='question_id[]' value='146' \/><div class='watu-questions-wrap '><input type='hidden' name='answer_ids[]' class='watu-answer-ids' value='778' \/><div class='watu-question-choice'><input type='radio' name='answer-146[]' id='answer-id-778' class='answer answer-5  answerof-146' value='778' \/>&nbsp;<label for='answer-id-778' id='answer-label-778' class=' answer label-5'><span class='answer'>Vrai<\/span><\/label><\/div>\n<input type='hidden' name='answer_ids[]' class='watu-answer-ids' value='779' \/><div class='watu-question-choice'><input type='radio' name='answer-146[]' id='answer-id-779' class='answer answer-5  answerof-146' value='779' \/>&nbsp;<label for='answer-id-779' id='answer-label-779' class=' answer label-5'><span class='answer'>Faux<\/span><\/label><\/div>\n<\/div><input type='hidden' id='questionType5' value='radio' class=''><\/div><div class='watu-question' id='question-6'><div class='question-content'><p><span class='watu_num'>6. <\/span>La Lune ne tourne pas sur elle-m\u00eame car alors, nous pourrions voir toutes sa surface au cours d\u2019une p\u00e9riode de r\u00e9volution<\/p>\n<\/div><input type='hidden' name='question_id[]' value='147' \/><div class='watu-questions-wrap '><input type='hidden' name='answer_ids[]' class='watu-answer-ids' value='780' \/><div class='watu-question-choice'><input type='radio' name='answer-147[]' id='answer-id-780' class='answer answer-6  answerof-147' value='780' \/>&nbsp;<label for='answer-id-780' id='answer-label-780' class=' answer label-6'><span class='answer'>Vrai<\/span><\/label><\/div>\n<input type='hidden' name='answer_ids[]' class='watu-answer-ids' value='781' \/><div class='watu-question-choice'><input type='radio' name='answer-147[]' id='answer-id-781' class='answer answer-6  answerof-147' value='781' \/>&nbsp;<label for='answer-id-781' id='answer-label-781' class=' answer label-6'><span class='answer'>Faux<\/span><\/label><\/div>\n<\/div><input type='hidden' id='questionType6' value='radio' class=''><\/div><div class='watu-question' id='question-7'><div class='question-content'><p><span class='watu_num'>7. <\/span>On appelle \u00ab\u00a0mois synodique\u00a0\u00bb le temps du retour de la Lune \u00e0 sa m\u00eame phase<\/p>\n<\/div><input type='hidden' name='question_id[]' value='148' \/><div class='watu-questions-wrap '><input type='hidden' name='answer_ids[]' class='watu-answer-ids' value='782' \/><div class='watu-question-choice'><input type='radio' name='answer-148[]' id='answer-id-782' class='answer answer-7  answerof-148' value='782' \/>&nbsp;<label for='answer-id-782' id='answer-label-782' class=' answer label-7'><span class='answer'>Vrai<\/span><\/label><\/div>\n<input type='hidden' name='answer_ids[]' class='watu-answer-ids' value='783' \/><div class='watu-question-choice'><input type='radio' name='answer-148[]' id='answer-id-783' class='answer answer-7  answerof-148' value='783' \/>&nbsp;<label for='answer-id-783' id='answer-label-783' class=' answer label-7'><span class='answer'>Faux<\/span><\/label><\/div>\n<\/div><input type='hidden' id='questionType7' value='radio' class=''><\/div><div class='watu-question' id='question-8'><div class='question-content'><p><span class='watu_num'>8. <\/span>On dit du Soleil qu\u2019il est l\u2019astre du jour et on dit de la Lune qu\u2019elle est l\u2019astre de la nuit car on ne peut jamais l\u2019apercevoir de jour<\/p>\n<\/div><input type='hidden' name='question_id[]' value='149' \/><div class='watu-questions-wrap '><input type='hidden' name='answer_ids[]' class='watu-answer-ids' value='784' \/><div class='watu-question-choice'><input type='radio' name='answer-149[]' id='answer-id-784' class='answer answer-8  answerof-149' value='784' \/>&nbsp;<label for='answer-id-784' id='answer-label-784' class=' answer label-8'><span class='answer'>Vrai<\/span><\/label><\/div>\n<input type='hidden' name='answer_ids[]' class='watu-answer-ids' value='785' \/><div class='watu-question-choice'><input type='radio' name='answer-149[]' id='answer-id-785' class='answer answer-8  answerof-149' value='785' \/>&nbsp;<label for='answer-id-785' id='answer-label-785' class=' answer label-8'><span class='answer'>Faux<\/span><\/label><\/div>\n<\/div><input type='hidden' id='questionType8' value='radio' class=''><\/div><div class='watu-question' id='question-9'><div class='question-content'><p><span class='watu_num'>9. <\/span>Lorsqu\u2019elle est \u00e0 son premier quartier, la Lune se couche \u00e0 minuit<\/p>\n<\/div><input type='hidden' name='question_id[]' value='150' \/><div class='watu-questions-wrap '><input type='hidden' name='answer_ids[]' class='watu-answer-ids' value='786' \/><div class='watu-question-choice'><input type='radio' name='answer-150[]' id='answer-id-786' class='answer answer-9  answerof-150' value='786' \/>&nbsp;<label for='answer-id-786' id='answer-label-786' class=' answer label-9'><span class='answer'>Vrai<\/span><\/label><\/div>\n<input type='hidden' name='answer_ids[]' class='watu-answer-ids' value='787' \/><div class='watu-question-choice'><input type='radio' name='answer-150[]' id='answer-id-787' class='answer answer-9  answerof-150' value='787' \/>&nbsp;<label for='answer-id-787' id='answer-label-787' class=' answer label-9'><span class='answer'>Faux<\/span><\/label><\/div>\n<\/div><input type='hidden' id='questionType9' value='radio' class=''><\/div><div class='watu-question' id='question-10'><div class='question-content'><p><span class='watu_num'>10. <\/span>La libration de la Lune est un mouvement apparent vu de la Terre reli\u00e9 \u00e0 des param\u00e8tres de l\u2019orbite de la Lune<\/p>\n<\/div><input type='hidden' name='question_id[]' value='151' \/><div class='watu-questions-wrap '><input type='hidden' name='answer_ids[]' class='watu-answer-ids' value='788' \/><div class='watu-question-choice'><input type='radio' name='answer-151[]' id='answer-id-788' class='answer answer-10  answerof-151' value='788' \/>&nbsp;<label for='answer-id-788' id='answer-label-788' class=' answer label-10'><span class='answer'>Vrai<\/span><\/label><\/div>\n<input type='hidden' name='answer_ids[]' class='watu-answer-ids' value='789' \/><div class='watu-question-choice'><input type='radio' name='answer-151[]' id='answer-id-789' class='answer answer-10  answerof-151' value='789' \/>&nbsp;<label for='answer-id-789' id='answer-label-789' class=' answer label-10'><span class='answer'>Faux<\/span><\/label><\/div>\n<\/div><input type='hidden' id='questionType10' value='radio' class=''><\/div><div class='watu-question' id='question-11'><div class='question-content'><p><span class='watu_num'>11. <\/span>La force gravitationnelle du Soleil sur la Lune est plus grande que la force gravitationnelle qu\u2019exerce la Terre sur la Lune<\/p>\n<\/div><input type='hidden' name='question_id[]' value='152' \/><div class='watu-questions-wrap '><input type='hidden' name='answer_ids[]' class='watu-answer-ids' value='790' \/><div class='watu-question-choice'><input type='radio' name='answer-152[]' id='answer-id-790' class='answer answer-11  answerof-152' value='790' \/>&nbsp;<label for='answer-id-790' id='answer-label-790' class=' answer label-11'><span class='answer'>Vrai<\/span><\/label><\/div>\n<input type='hidden' name='answer_ids[]' class='watu-answer-ids' value='791' \/><div class='watu-question-choice'><input type='radio' name='answer-152[]' id='answer-id-791' class='answer answer-11  answerof-152' value='791' \/>&nbsp;<label for='answer-id-791' id='answer-label-791' class=' answer label-11'><span class='answer'>Faux<\/span><\/label><\/div>\n<\/div><input type='hidden' id='questionType11' value='radio' class=''><\/div><div class='watu-question' id='question-12'><div class='question-content'><p><span class='watu_num'>12. <\/span>On appelle Saros le temps d\u2019un tour complet de la ligne des n\u0153uds lunaires sur l\u2019\u00e9cliptique<\/p>\n<\/div><input type='hidden' name='question_id[]' value='153' \/><div class='watu-questions-wrap '><input type='hidden' name='answer_ids[]' class='watu-answer-ids' value='792' \/><div class='watu-question-choice'><input type='radio' name='answer-153[]' id='answer-id-792' class='answer answer-12  answerof-153' value='792' \/>&nbsp;<label for='answer-id-792' id='answer-label-792' class=' answer label-12'><span class='answer'>Vrai<\/span><\/label><\/div>\n<input type='hidden' name='answer_ids[]' class='watu-answer-ids' value='793' \/><div class='watu-question-choice'><input type='radio' name='answer-153[]' id='answer-id-793' class='answer answer-12  answerof-153' value='793' \/>&nbsp;<label for='answer-id-793' id='answer-label-793' class=' answer label-12'><span class='answer'>Faux<\/span><\/label><\/div>\n<\/div><input type='hidden' id='questionType12' value='radio' class=''><\/div><div style='display:none' id='question-13'><br \/><div class='question-content'><img loading=\"lazy\" decoding=\"async\" src=\"https:\/\/www.astrorimouski.net\/club\/wp-content\/plugins\/watu\/loading.gif\" width=\"16\" height=\"16\" alt=\"Chargement ...\" title=\"Chargement ...\" \/>&nbsp;Chargement &#8230;<\/div><\/div><br \/>\n<input type=\"button\" name=\"action\" onclick=\"Watu.submitResult()\" id=\"action-button\" value=\"Envoy\u00e9\"  class=\"watu-submit-button\" \/>\n<input type=\"hidden\" name=\"no_ajax\" value=\"0\"><input type=\"hidden\" name=\"quiz_id\" value=\"17\" \/>\n<input type=\"hidden\" id=\"watuStartTime\" name=\"start_time\" value=\"2026-05-09 09:03:21\" \/>\n<\/form>\n<\/div>\n<div id=\"watu-loading-result\" style=\"display:none;\">\n\t<p align=\"center\"><img loading=\"lazy\" decoding=\"async\" src=\"https:\/\/www.astrorimouski.net\/club\/wp-content\/plugins\/watu\/loading.gif\" width=\"16\" height=\"16\" alt=\"Chargement\" title=\"Chargement\" \/><\/p>\n<\/div>\t\n<script type=\"text\/javascript\">\nvar exam_id=0;\nvar question_ids='';\nvar watuURL='';\njQuery(function($){\nquestion_ids = \"142,143,144,145,146,147,148,149,150,151,152,153\";\nexam_id = 17;\nWatu.exam_id = exam_id;\nWatu.qArr = question_ids.split(',');\nWatu.post_id = 2408;\nWatu.singlePage = '1';\nWatu.hAppID = \"0.49551900 1778331801\";\nwatuURL = \"https:\/\/www.astrorimouski.net\/club\/wp-admin\/admin-ajax.php\";\nWatu.noAlertUnanswered = 0;\n});\n<\/script>\n","protected":false},"excerpt":{"rendered":"","protected":false},"author":4,"featured_media":0,"parent":1739,"menu_order":16,"comment_status":"closed","ping_status":"closed","template":"","meta":{"footnotes":""},"class_list":["post-2408","page","type-page","status-publish"],"_links":{"self":[{"href":"https:\/\/www.astrorimouski.net\/club\/wp-json\/wp\/v2\/pages\/2408","targetHints":{"allow":["GET"]}}],"collection":[{"href":"https:\/\/www.astrorimouski.net\/club\/wp-json\/wp\/v2\/pages"}],"about":[{"href":"https:\/\/www.astrorimouski.net\/club\/wp-json\/wp\/v2\/types\/page"}],"author":[{"embeddable":true,"href":"https:\/\/www.astrorimouski.net\/club\/wp-json\/wp\/v2\/users\/4"}],"replies":[{"embeddable":true,"href":"https:\/\/www.astrorimouski.net\/club\/wp-json\/wp\/v2\/comments?post=2408"}],"version-history":[{"count":3,"href":"https:\/\/www.astrorimouski.net\/club\/wp-json\/wp\/v2\/pages\/2408\/revisions"}],"predecessor-version":[{"id":2411,"href":"https:\/\/www.astrorimouski.net\/club\/wp-json\/wp\/v2\/pages\/2408\/revisions\/2411"}],"up":[{"embeddable":true,"href":"https:\/\/www.astrorimouski.net\/club\/wp-json\/wp\/v2\/pages\/1739"}],"wp:attachment":[{"href":"https:\/\/www.astrorimouski.net\/club\/wp-json\/wp\/v2\/media?parent=2408"}],"curies":[{"name":"wp","href":"https:\/\/api.w.org\/{rel}","templated":true}]}}