{"id":23,"date":"2017-03-13T02:50:07","date_gmt":"2017-03-13T06:50:07","guid":{"rendered":"http:\/\/www.astrorimouski.net\/club\/?page_id=23"},"modified":"2020-10-19T08:51:20","modified_gmt":"2020-10-19T12:51:20","slug":"qui-sommes-nous","status":"publish","type":"page","link":"https:\/\/www.astrorimouski.net\/club\/qui-sommes-nous\/","title":{"rendered":"Qui sommes-nous?"},"content":{"rendered":"<p><img loading=\"lazy\" decoding=\"async\" class=\"alignnone wp-image-132 alignleft\" src=\"https:\/\/www.astrorimouski.net\/club\/wp-content\/uploads\/2017\/03\/photos-300x241.jpg\" alt=\"\" width=\"449\" height=\"361\" srcset=\"https:\/\/www.astrorimouski.net\/club\/wp-content\/uploads\/2017\/03\/photos-300x241.jpg 300w, https:\/\/www.astrorimouski.net\/club\/wp-content\/uploads\/2017\/03\/photos.jpg 500w\" sizes=\"auto, (max-width: 449px) 100vw, 449px\" \/>Le Club d&rsquo;astronomie de Rimouski a \u00e9t\u00e9 fond\u00e9 en avril 1981. Nos r\u00e9unions ont lieu le deuxi\u00e8me vendredi de chaque mois \u00e0 19h30 au local D-114 du <strong><a href=\"https:\/\/www.google.ca\/maps\/place\/C%C3%A9gep+de+Rimouski\/@48.448091,-68.5297427,17z\/data=!3m1!4b1!4m5!3m4!1s0x4c95d998071751cf:0x15fc3547852616f!8m2!3d48.448091!4d-68.527554\">C\u00e9gep de Rimouski<\/a><\/strong>. Au programme : actualit\u00e9s astronomiques, pr\u00e9sentation du ciel du mois, conf\u00e9rences diverses, r\u00e9alisations des membres, astrophotographie, <em>etc<\/em>.<\/p>\n<p>Il n&rsquo;est pas n\u00e9cessaire d&rsquo;\u00eatre membre pour participer aux r\u00e9unions et aux activit\u00e9s du Club, le public y est cordialement invit\u00e9.<\/p>\n<p>Le <a href=\"https:\/\/www.astrorimouski.net\/club\/conseil-dadministration\/\"><strong>Conseil d&rsquo;administration<\/strong><\/a> est renouvel\u00e9 \u00e0 chaque ann\u00e9e, \u00e0 l&rsquo;occasion de l&rsquo;Assembl\u00e9e g\u00e9n\u00e9rale annuelle. Vous pouvez facilement rejoindre les membres du Conseil en utilisant le <a href=\"https:\/\/www.astrorimouski.net\/club\/formulaire-de-contact\/\"><strong>formulaire de contact<\/strong><\/a><\/p>\n<p>Le Club diffuse ses publications sous les conditions d\u00e9finies par la license \u00ab\u00a0<a href=\"https:\/\/www.astrorimouski.net\/club\/divers\/license-de-diffusion\/\"><strong><em>Creative Commons <\/em><\/strong><em>\u2014 <\/em><strong><em> Attribution &#8211; Partage dans les m\u00eames conditions 4.0 International (CC BY-SA 4.0)<\/em><\/strong><\/a>\u00a0\u00bb<\/p>\n<p>Le Club fait partie de la <strong><a href=\"http:\/\/www.faaq.org\/\">F\u00e9d\u00e9ration des astronomes amateurs du Qu\u00e9bec (FAAQ) <\/a><\/strong>, un organisme sans but lucratif regroupant les personnes (membres individuels) int\u00e9ress\u00e9es \u00e0 l&rsquo;astronomie, les clubs d\u2019astronomes amateurs et les institutions de vulgarisation en astronomie du Qu\u00e9bec. La FAAQ fournit de nombreux services \u00e0 ses membres et notre Club en b\u00e9n\u00e9ficie amplement. Chaque ann\u00e9e, la FAAQ organise un congr\u00e8s provincial permettant de fraterniser et d&rsquo;\u00e9changer avec la communaut\u00e9 des astronomes amateurs du Qu\u00e9bec.<\/p>\n<p>Le Club poss\u00e8de un t\u00e9lescope de mod\u00e8le Odyssey 10 pouces de la firme Coulter Optical, une paire de jumelles 20&#215;80 avec tr\u00e9pied, des centaines de diapositives d&rsquo;astronomie et aussi quelques livres astronomiques. Ces articles sont disponibles pour les membres seulement.<\/p>\n<p>Ceux qui d\u00e9sirent devenir membre peuvent s&rsquo;inscrire en tout temps. G\u00e9n\u00e9ralement, les inscriptions se font aux r\u00e9unions des mois de septembre \u00e0 d\u00e9cembre. Un <strong><a href=\"https:\/\/www.astrorimouski.net\/club\/abonnement\/\">formulaire d&rsquo;inscription en ligne<\/a> <\/strong>est \u00e9galement disponible.<\/p>\n<ul>\n<li class=\"choice-1 depth-1\"><label class=\"wpforms-field-label-inline\" for=\"wpforms-161-field_4_1\">0-12 ans \u2013 Gratuit (inclus membre \u00e0 la FAAQ) <\/label><\/li>\n<li class=\"choice-2 depth-1\"><label class=\"wpforms-field-label-inline\" for=\"wpforms-161-field_4_2\">13-20 ans \u2013 15$ (inclus membre \u00e0 la FAAQ) <\/label><\/li>\n<li class=\"choice-3 depth-1\"><label class=\"wpforms-field-label-inline\" for=\"wpforms-161-field_4_3\">21 ans et plus \u2013 35$ (inclus 22$ membre \u00e0 la FAAQ) <\/label><\/li>\n<li class=\"choice-4 depth-1\"><label class=\"wpforms-field-label-inline\" for=\"wpforms-161-field_4_4\">Familial \u2013 60$ (inclus 30$ membre \u00e0 la FAAQ<\/label><\/li>\n<\/ul>\n<p>La cotisation inclut l&rsquo;abonnement \u00e0 la <a href=\"http:\/\/www.faaq.org\/\">FAAQ<\/a>. Les membres ont acc\u00e8s gratuitement \u00e0 toutes les activit\u00e9s du club: r\u00e9unions, soir\u00e9es observations, listes de distribution courriel, visites d&rsquo;observatoires, \u00ab\u00a0<em>Star Party<\/em>\u00a0\u00bb annuel, pr\u00eat d&rsquo;\u00e9quipement, <em>etc<\/em>.<\/p>\n<p>Bienvenue \u00e0 tous<\/p>\n","protected":false},"excerpt":{"rendered":"<p>Le Club d&rsquo;astronomie de Rimouski a \u00e9t\u00e9 fond\u00e9 en avril 1981. Nos r\u00e9unions ont lieu le deuxi\u00e8me vendredi de chaque mois \u00e0 19h30 au local D-114 du C\u00e9gep de Rimouski. Au programme : actualit\u00e9s astronomiques, pr\u00e9sentation du ciel du mois, conf\u00e9rences diverses, r\u00e9alisations des membres, astrophotographie, etc. Il n&rsquo;est pas n\u00e9cessaire d&rsquo;\u00eatre membre pour participer &#8230; <a title=\"Qui sommes-nous?\" class=\"read-more\" href=\"https:\/\/www.astrorimouski.net\/club\/qui-sommes-nous\/\" aria-label=\"En savoir plus sur Qui sommes-nous?\">Lire la suite<\/a><\/p>\n","protected":false},"author":1,"featured_media":0,"parent":0,"menu_order":1,"comment_status":"closed","ping_status":"closed","template":"","meta":{"footnotes":""},"class_list":["post-23","page","type-page","status-publish"],"_links":{"self":[{"href":"https:\/\/www.astrorimouski.net\/club\/wp-json\/wp\/v2\/pages\/23","targetHints":{"allow":["GET"]}}],"collection":[{"href":"https:\/\/www.astrorimouski.net\/club\/wp-json\/wp\/v2\/pages"}],"about":[{"href":"https:\/\/www.astrorimouski.net\/club\/wp-json\/wp\/v2\/types\/page"}],"author":[{"embeddable":true,"href":"https:\/\/www.astrorimouski.net\/club\/wp-json\/wp\/v2\/users\/1"}],"replies":[{"embeddable":true,"href":"https:\/\/www.astrorimouski.net\/club\/wp-json\/wp\/v2\/comments?post=23"}],"version-history":[{"count":37,"href":"https:\/\/www.astrorimouski.net\/club\/wp-json\/wp\/v2\/pages\/23\/revisions"}],"predecessor-version":[{"id":3062,"href":"https:\/\/www.astrorimouski.net\/club\/wp-json\/wp\/v2\/pages\/23\/revisions\/3062"}],"wp:attachment":[{"href":"https:\/\/www.astrorimouski.net\/club\/wp-json\/wp\/v2\/media?parent=23"}],"curies":[{"name":"wp","href":"https:\/\/api.w.org\/{rel}","templated":true}]}}