{"id":1908,"date":"2018-01-13T16:51:05","date_gmt":"2018-01-13T21:51:05","guid":{"rendered":"http:\/\/www.astrorimouski.net\/club\/?page_id=1908"},"modified":"2021-01-04T20:20:52","modified_gmt":"2021-01-05T01:20:52","slug":"2017-2","status":"publish","type":"page","link":"https:\/\/www.astrorimouski.net\/club\/le-ciel-du-mois\/2017-2\/","title":{"rendered":"2017"},"content":{"rendered":"\n<figure class=\"wp-block-image size-large\"><img loading=\"lazy\" decoding=\"async\" width=\"1024\" height=\"435\" src=\"https:\/\/www.astrorimouski.net\/club\/wp-content\/uploads\/2017\/03\/ciel-mois-1024x435.jpg\" alt=\"\" class=\"wp-image-167\" srcset=\"https:\/\/www.astrorimouski.net\/club\/wp-content\/uploads\/2017\/03\/ciel-mois-1024x435.jpg 1024w, https:\/\/www.astrorimouski.net\/club\/wp-content\/uploads\/2017\/03\/ciel-mois-300x128.jpg 300w, https:\/\/www.astrorimouski.net\/club\/wp-content\/uploads\/2017\/03\/ciel-mois-768x326.jpg 768w, https:\/\/www.astrorimouski.net\/club\/wp-content\/uploads\/2017\/03\/ciel-mois-1030x438.jpg 1030w, https:\/\/www.astrorimouski.net\/club\/wp-content\/uploads\/2017\/03\/ciel-mois.jpg 1200w\" sizes=\"auto, (max-width: 1024px) 100vw, 1024px\" \/><\/figure>\n\n\n<h2>Le ciel du mois 2017<\/h2>\n<ul>\n<li><a href=\"https:\/\/www.astrorimouski.net\/clubdocuments\/ciel_du_mois\/2017\/20171208decembre2017.pdf\"><strong>8 d\u00e9cembre 2017 au 12 janvier 2018<\/strong><\/a><\/li>\n<li><a href=\"https:\/\/www.astrorimouski.net\/clubdocuments\/ciel_du_mois\/2017\/20171110novembre2017.pdf\"><strong>10 novembre au 8 d\u00e9cembre 2017<\/strong><\/a><\/li>\n<li><a href=\"https:\/\/www.astrorimouski.net\/clubdocuments\/ciel_du_mois\/2017\/20171013octobre2017.pdf\"><strong>13 octobre au 10 novembre 2017<\/strong><\/a><\/li>\n<li><strong><a href=\"https:\/\/www.astrorimouski.net\/clubdocuments\/ciel_du_mois\/2017\/20170908septembre2017.pdf\">8 septembre au 13 octobre 2017<\/a><\/strong><\/li>\n<li><strong><a href=\"https:\/\/www.astrorimouski.net\/clubdocuments\/ciel_du_mois\/2017\/20170811aout2017.pdf\">11 ao\u00fbt au 8 septembre 2017<\/a><\/strong><\/li>\n<li><strong><a href=\"https:\/\/www.astrorimouski.net\/clubdocuments\/ciel_du_mois\/2017\/20170714juillet2017.pdf\">14 juillet au 11 ao\u00fbt 2017<\/a><\/strong><\/li>\n<li><strong><a href=\"https:\/\/www.astrorimouski.net\/clubdocuments\/ciel_du_mois\/2017\/20170609juin2017.pdf\">9 juin au 14 juillet 2017<\/a><\/strong><\/li>\n<li><a href=\"https:\/\/www.astrorimouski.net\/clubdocuments\/ciel_du_mois\/2017\/20170512mai2017.pdf\"><strong>12 mai au 9 juin 2017<\/strong><\/a><\/li>\n<li><a href=\"https:\/\/www.astrorimouski.net\/clubdocuments\/ciel_du_mois\/2017\/20170414avril2017.pdf\"><strong>14 avril au 12 mai 2017<\/strong><\/a><\/li>\n<li><a href=\"https:\/\/www.astrorimouski.net\/clubdocuments\/ciel_du_mois\/2017\/20170310mars2017.pdf\"><strong>10 mars au 14 avril 2017<\/strong><\/a><\/li>\n<li><a href=\"https:\/\/www.astrorimouski.net\/clubdocuments\/ciel_du_mois\/2017\/20170210fevrier2017.pdf\"><strong>10 f\u00e9vrier au 10 mars 2017<\/strong><\/a><\/li>\n<li><a href=\"https:\/\/www.astrorimouski.net\/clubdocuments\/ciel_du_mois\/2017\/20170113janvier2017.pdf\"><strong>13 janvier au 10 f\u00e9vrier 2017<\/strong><\/a><\/li>\n<\/ul>","protected":false},"excerpt":{"rendered":"<p>Le ciel du mois 2017 8 d\u00e9cembre 2017 au 12 janvier 2018 10 novembre au 8 d\u00e9cembre 2017 13 octobre au 10 novembre 2017 8 septembre au 13 octobre 2017 11 ao\u00fbt au 8 septembre 2017 14 juillet au 11 ao\u00fbt 2017 9 juin au 14 juillet 2017 12 mai au 9 juin 2017 14 &#8230; <a title=\"2017\" class=\"read-more\" href=\"https:\/\/www.astrorimouski.net\/club\/le-ciel-du-mois\/2017-2\/\" aria-label=\"En savoir plus sur 2017\">Lire la suite<\/a><\/p>\n","protected":false},"author":3,"featured_media":0,"parent":43,"menu_order":0,"comment_status":"closed","ping_status":"closed","template":"","meta":{"footnotes":""},"class_list":["post-1908","page","type-page","status-publish"],"_links":{"self":[{"href":"https:\/\/www.astrorimouski.net\/club\/wp-json\/wp\/v2\/pages\/1908","targetHints":{"allow":["GET"]}}],"collection":[{"href":"https:\/\/www.astrorimouski.net\/club\/wp-json\/wp\/v2\/pages"}],"about":[{"href":"https:\/\/www.astrorimouski.net\/club\/wp-json\/wp\/v2\/types\/page"}],"author":[{"embeddable":true,"href":"https:\/\/www.astrorimouski.net\/club\/wp-json\/wp\/v2\/users\/3"}],"replies":[{"embeddable":true,"href":"https:\/\/www.astrorimouski.net\/club\/wp-json\/wp\/v2\/comments?post=1908"}],"version-history":[{"count":4,"href":"https:\/\/www.astrorimouski.net\/club\/wp-json\/wp\/v2\/pages\/1908\/revisions"}],"predecessor-version":[{"id":3128,"href":"https:\/\/www.astrorimouski.net\/club\/wp-json\/wp\/v2\/pages\/1908\/revisions\/3128"}],"up":[{"embeddable":true,"href":"https:\/\/www.astrorimouski.net\/club\/wp-json\/wp\/v2\/pages\/43"}],"wp:attachment":[{"href":"https:\/\/www.astrorimouski.net\/club\/wp-json\/wp\/v2\/media?parent=1908"}],"curies":[{"name":"wp","href":"https:\/\/api.w.org\/{rel}","templated":true}]}}