{"id":1754,"date":"2017-10-13T10:23:27","date_gmt":"2017-10-13T14:23:27","guid":{"rendered":"http:\/\/www.astrorimouski.net\/club\/?page_id=1754"},"modified":"2017-11-02T14:50:44","modified_gmt":"2017-11-02T18:50:44","slug":"jeu-questionnaire-no1","status":"publish","type":"page","link":"https:\/\/www.astrorimouski.net\/club\/le-coin-du-debutant\/jeu-questionnaire-no1\/","title":{"rendered":"Jeu questionnaire No 1 : Les \u00e9chelles de l&rsquo;Univers et la notation scientifique"},"content":{"rendered":"<div id=\"watu_quiz\" class=\"quiz-area \">\n<p><p>Toutes les questions de ce Jeu questionnaire sont \u00e0 choix multiples. Votre pointage appara\u00eetra d\u00e8s que vous aurez soumis le questionnaire. Les bonnes r\u00e9ponses sont marqu\u00e9es d&rsquo;un crochet vert et les mauvaises r\u00e9ponses sont indiqu\u00e9es par une croix rouge.<\/p>\n<\/p><form action=\"\" method=\"post\" class=\"quiz-form \" id=\"quiz-4\" >\n<div class='watu-question' id='question-1'><div class='question-content'><p><span class='watu_num'>1. <\/span>\u00c9crivez en notation scientifique\u00a0et indiquez les unit\u00e9s : <strong>8 Gm <\/strong>?<\/p>\n<\/div><input type='hidden' name='question_id[]' value='7' \/><div class='watu-questions-wrap '><input type='hidden' name='answer_ids[]' class='watu-answer-ids' value='89' \/><div class='watu-question-choice'><input type='checkbox' name='answer-7[]' id='answer-id-89' class='answer answer-1  answerof-7' value='89' \/>&nbsp;<label for='answer-id-89' id='answer-label-89' class=' answer label-1'><span class='answer'>0,8*10^8 m<\/span><\/label><\/div>\n<input type='hidden' name='answer_ids[]' class='watu-answer-ids' value='90' \/><div class='watu-question-choice'><input type='checkbox' name='answer-7[]' id='answer-id-90' class='answer answer-1  answerof-7' value='90' \/>&nbsp;<label for='answer-id-90' id='answer-label-90' class=' answer label-1'><span class='answer'>8*10^9 m<\/span><\/label><\/div>\n<input type='hidden' name='answer_ids[]' class='watu-answer-ids' value='91' \/><div class='watu-question-choice'><input type='checkbox' name='answer-7[]' id='answer-id-91' class='answer answer-1  answerof-7' value='91' \/>&nbsp;<label for='answer-id-91' id='answer-label-91' class=' answer label-1'><span class='answer'>8*10^-9 km<\/span><\/label><\/div>\n<\/div><input type='hidden' id='questionType1' value='checkbox' class=''><\/div><div class='watu-question' id='question-2'><div class='question-content'><p><span class='watu_num'>2. <\/span>\u00c9crivez en notation scientifique\u00a0et indiquez les unit\u00e9s : <strong>7\u00a0mm\u00a0<\/strong>?<\/p>\n<\/div><input type='hidden' name='question_id[]' value='8' \/><div class='watu-questions-wrap '><input type='hidden' name='answer_ids[]' class='watu-answer-ids' value='92' \/><div class='watu-question-choice'><input type='checkbox' name='answer-8[]' id='answer-id-92' class='answer answer-2  answerof-8' value='92' \/>&nbsp;<label for='answer-id-92' id='answer-label-92' class=' answer label-2'><span class='answer'>7 *10^-3 m<\/span><\/label><\/div>\n<input type='hidden' name='answer_ids[]' class='watu-answer-ids' value='93' \/><div class='watu-question-choice'><input type='checkbox' name='answer-8[]' id='answer-id-93' class='answer answer-2  answerof-8' value='93' \/>&nbsp;<label for='answer-id-93' id='answer-label-93' class=' answer label-2'><span class='answer'>7*10^-2 km<\/span><\/label><\/div>\n<input type='hidden' name='answer_ids[]' class='watu-answer-ids' value='94' \/><div class='watu-question-choice'><input type='checkbox' name='answer-8[]' id='answer-id-94' class='answer answer-2  answerof-8' value='94' \/>&nbsp;<label for='answer-id-94' id='answer-label-94' class=' answer label-2'><span class='answer'>7*10^3 m <\/span><\/label><\/div>\n<\/div><input type='hidden' id='questionType2' value='checkbox' class=''><\/div><div class='watu-question' id='question-3'><div class='question-content'><p><span class='watu_num'>3. <\/span>\u00c9crivez en notation scientifique\u00a0et indiquez les unit\u00e9s : <strong>5\u00a0kg\u00a0<\/strong>?<\/p>\n<\/div><input type='hidden' name='question_id[]' value='9' \/><div class='watu-questions-wrap '><input type='hidden' name='answer_ids[]' class='watu-answer-ids' value='95' \/><div class='watu-question-choice'><input type='checkbox' name='answer-9[]' id='answer-id-95' class='answer answer-3  answerof-9' value='95' \/>&nbsp;<label for='answer-id-95' id='answer-label-95' class=' answer label-3'><span class='answer'>5*10^5 g<\/span><\/label><\/div>\n<input type='hidden' name='answer_ids[]' class='watu-answer-ids' value='96' \/><div class='watu-question-choice'><input type='checkbox' name='answer-9[]' id='answer-id-96' class='answer answer-3  answerof-9' value='96' \/>&nbsp;<label for='answer-id-96' id='answer-label-96' class=' answer label-3'><span class='answer'>50*10^3 kg<\/span><\/label><\/div>\n<input type='hidden' name='answer_ids[]' class='watu-answer-ids' value='97' \/><div class='watu-question-choice'><input type='checkbox' name='answer-9[]' id='answer-id-97' class='answer answer-3  answerof-9' value='97' \/>&nbsp;<label for='answer-id-97' id='answer-label-97' class=' answer label-3'><span class='answer'>5*10^3 g<\/span><\/label><\/div>\n<\/div><input type='hidden' id='questionType3' value='checkbox' class=''><\/div><div class='watu-question' id='question-4'><div class='question-content'><p><span class='watu_num'>4. <\/span>\u00c9crivez en notation scientifique\u00a0et indiquez les unit\u00e9s :\u00a0<strong>2 hectares\u00a0<\/strong>?<\/p>\n<\/div><input type='hidden' name='question_id[]' value='10' \/><div class='watu-questions-wrap '><input type='hidden' name='answer_ids[]' class='watu-answer-ids' value='98' \/><div class='watu-question-choice'><input type='checkbox' name='answer-10[]' id='answer-id-98' class='answer answer-4  answerof-10' value='98' \/>&nbsp;<label for='answer-id-98' id='answer-label-98' class=' answer label-4'><span class='answer'>2*10^6 m\u00e8tres carr\u00e9s<\/span><\/label><\/div>\n<input type='hidden' name='answer_ids[]' class='watu-answer-ids' value='99' \/><div class='watu-question-choice'><input type='checkbox' name='answer-10[]' id='answer-id-99' class='answer answer-4  answerof-10' value='99' \/>&nbsp;<label for='answer-id-99' id='answer-label-99' class=' answer label-4'><span class='answer'>2*10^3 ares<\/span><\/label><\/div>\n<input type='hidden' name='answer_ids[]' class='watu-answer-ids' value='100' \/><div class='watu-question-choice'><input type='checkbox' name='answer-10[]' id='answer-id-100' class='answer answer-4  answerof-10' value='100' \/>&nbsp;<label for='answer-id-100' id='answer-label-100' class=' answer label-4'><span class='answer'>2*10^2 ares<\/span><\/label><\/div>\n<\/div><input type='hidden' id='questionType4' value='checkbox' class=''><\/div><div class='watu-question' id='question-5'><div class='question-content'><p><span class='watu_num'>5. <\/span>Apr\u00e8s avoir observ\u00e9 le site \u00ab\u00a0The Scale of the Universe\u00a0\u00bb \u00e0 l\u2019adresse\u00a0<a href=\"http:\/\/htwins.net\/scale2\/\">http:\/\/htwins.net\/scale2\/<\/a> , donnez un ordre de grandeur approximatif de la taille (en notation scientifique) de l&rsquo;objet suivant : <strong>le proton<\/strong> ?<\/p>\n<\/div><input type='hidden' name='question_id[]' value='11' \/><div class='watu-questions-wrap '><input type='hidden' name='answer_ids[]' class='watu-answer-ids' value='101' \/><div class='watu-question-choice'><input type='checkbox' name='answer-11[]' id='answer-id-101' class='answer answer-5  answerof-11' value='101' \/>&nbsp;<label for='answer-id-101' id='answer-label-101' class=' answer label-5'><span class='answer'>10^-15 m<\/span><\/label><\/div>\n<input type='hidden' name='answer_ids[]' class='watu-answer-ids' value='102' \/><div class='watu-question-choice'><input type='checkbox' name='answer-11[]' id='answer-id-102' class='answer answer-5  answerof-11' value='102' \/>&nbsp;<label for='answer-id-102' id='answer-label-102' class=' answer label-5'><span class='answer'>10^-8 m<\/span><\/label><\/div>\n<input type='hidden' name='answer_ids[]' class='watu-answer-ids' value='103' \/><div class='watu-question-choice'><input type='checkbox' name='answer-11[]' id='answer-id-103' class='answer answer-5  answerof-11' value='103' \/>&nbsp;<label for='answer-id-103' id='answer-label-103' class=' answer label-5'><span class='answer'>10^15 m<\/span><\/label><\/div>\n<\/div><input type='hidden' id='questionType5' value='checkbox' class=''><\/div><div class='watu-question' id='question-6'><div class='question-content'><p><span class='watu_num'>6. <\/span>Apr\u00e8s avoir observ\u00e9 le site \u00ab\u00a0The Scale of the Universe\u00a0\u00bb \u00e0 l\u2019adresse\u00a0<a href=\"http:\/\/htwins.net\/scale2\/\">http:\/\/htwins.net\/scale2\/<\/a>\u00a0, donnez un ordre de grandeur approximatif de la taille (en notation scientifique) de l&rsquo;objet suivant :\u00a0<strong>l&rsquo;ovule<\/strong>\u00a0?<\/p>\n<\/div><input type='hidden' name='question_id[]' value='12' \/><div class='watu-questions-wrap '><input type='hidden' name='answer_ids[]' class='watu-answer-ids' value='104' \/><div class='watu-question-choice'><input type='checkbox' name='answer-12[]' id='answer-id-104' class='answer answer-6  answerof-12' value='104' \/>&nbsp;<label for='answer-id-104' id='answer-label-104' class=' answer label-6'><span class='answer'>10^-3 m<\/span><\/label><\/div>\n<input type='hidden' name='answer_ids[]' class='watu-answer-ids' value='105' \/><div class='watu-question-choice'><input type='checkbox' name='answer-12[]' id='answer-id-105' class='answer answer-6  answerof-12' value='105' \/>&nbsp;<label for='answer-id-105' id='answer-label-105' class=' answer label-6'><span class='answer'>10^-6 m<\/span><\/label><\/div>\n<input type='hidden' name='answer_ids[]' class='watu-answer-ids' value='106' \/><div class='watu-question-choice'><input type='checkbox' name='answer-12[]' id='answer-id-106' class='answer answer-6  answerof-12' value='106' \/>&nbsp;<label for='answer-id-106' id='answer-label-106' class=' answer label-6'><span class='answer'>10^-4 m<\/span><\/label><\/div>\n<\/div><input type='hidden' id='questionType6' value='checkbox' class=''><\/div><div class='watu-question' id='question-7'><div class='question-content'><p><span class='watu_num'>7. <\/span>Apr\u00e8s avoir observ\u00e9 le site \u00ab\u00a0The Scale of the Universe\u00a0\u00bb \u00e0 l\u2019adresse\u00a0<a href=\"http:\/\/htwins.net\/scale2\/\">http:\/\/htwins.net\/scale2\/<\/a>\u00a0, donnez un ordre de grandeur approximatif de la taille (en notation scientifique) de l&rsquo;objet suivant :\u00a0<strong>la Lune<\/strong>\u00a0?<\/p>\n<\/div><input type='hidden' name='question_id[]' value='13' \/><div class='watu-questions-wrap '><input type='hidden' name='answer_ids[]' class='watu-answer-ids' value='107' \/><div class='watu-question-choice'><input type='checkbox' name='answer-13[]' id='answer-id-107' class='answer answer-7  answerof-13' value='107' \/>&nbsp;<label for='answer-id-107' id='answer-label-107' class=' answer label-7'><span class='answer'>10^8 m<\/span><\/label><\/div>\n<input type='hidden' name='answer_ids[]' class='watu-answer-ids' value='108' \/><div class='watu-question-choice'><input type='checkbox' name='answer-13[]' id='answer-id-108' class='answer answer-7  answerof-13' value='108' \/>&nbsp;<label for='answer-id-108' id='answer-label-108' class=' answer label-7'><span class='answer'>10^7 m<\/span><\/label><\/div>\n<input type='hidden' name='answer_ids[]' class='watu-answer-ids' value='109' \/><div class='watu-question-choice'><input type='checkbox' name='answer-13[]' id='answer-id-109' class='answer answer-7  answerof-13' value='109' \/>&nbsp;<label for='answer-id-109' id='answer-label-109' class=' answer label-7'><span class='answer'>10^9 m<\/span><\/label><\/div>\n<\/div><input type='hidden' id='questionType7' value='checkbox' class=''><\/div><div class='watu-question' id='question-8'><div class='question-content'><p><span class='watu_num'>8. <\/span>Apr\u00e8s avoir observ\u00e9 le site \u00ab\u00a0The Scale of the Universe\u00a0\u00bb \u00e0 l\u2019adresse\u00a0<a href=\"http:\/\/htwins.net\/scale2\/\">http:\/\/htwins.net\/scale2\/<\/a>\u00a0, donnez un ordre de grandeur approximatif de la taille (en notation scientifique) de l&rsquo;objet suivant :\u00a0<strong>la Voie Lact\u00e9e<\/strong>\u00a0?<\/p>\n<\/div><input type='hidden' name='question_id[]' value='14' \/><div class='watu-questions-wrap '><input type='hidden' name='answer_ids[]' class='watu-answer-ids' value='110' \/><div class='watu-question-choice'><input type='checkbox' name='answer-14[]' id='answer-id-110' class='answer answer-8  answerof-14' value='110' \/>&nbsp;<label for='answer-id-110' id='answer-label-110' class=' answer label-8'><span class='answer'>10^21 m<\/span><\/label><\/div>\n<input type='hidden' name='answer_ids[]' class='watu-answer-ids' value='111' \/><div class='watu-question-choice'><input type='checkbox' name='answer-14[]' id='answer-id-111' class='answer answer-8  answerof-14' value='111' \/>&nbsp;<label for='answer-id-111' id='answer-label-111' class=' answer label-8'><span class='answer'>10^6 m<\/span><\/label><\/div>\n<input type='hidden' name='answer_ids[]' class='watu-answer-ids' value='112' \/><div class='watu-question-choice'><input type='checkbox' name='answer-14[]' id='answer-id-112' class='answer answer-8  answerof-14' value='112' \/>&nbsp;<label for='answer-id-112' id='answer-label-112' class=' answer label-8'><span class='answer'>10^-8 m<\/span><\/label><\/div>\n<\/div><input type='hidden' id='questionType8' value='checkbox' class=''><\/div><div class='watu-question' id='question-9'><div class='question-content'><p><span class='watu_num'>9. <\/span>Apr\u00e8s avoir visionn\u00e9 la vid\u00e9o \u00ab\u00a0Les \u00e9chelles de l\u2019univers_faible\u00a0\u00bb \u00e0 l\u2019adresse\u00a0<a href=\"https:\/\/www.youtube.com\/watch?v=gzGUio7rBQk\">https:\/\/www.youtube.com\/watch?v=gzGUio7rBQk<\/a> , nommez la th\u00e9orie physique qui d\u00e9crit le monde \u00e0 l\u2019\u00e9chelle\u00a0: <strong>Du cosmos et des grandes structures <\/strong>?<\/p>\n<\/div><input type='hidden' name='question_id[]' value='15' \/><div class='watu-questions-wrap '><input type='hidden' name='answer_ids[]' class='watu-answer-ids' value='113' \/><div class='watu-question-choice'><input type='checkbox' name='answer-15[]' id='answer-id-113' class='answer answer-9  answerof-15' value='113' \/>&nbsp;<label for='answer-id-113' id='answer-label-113' class=' answer label-9'><span class='answer'>Relativit\u00e9 g\u00e9n\u00e9rale<\/span><\/label><\/div>\n<input type='hidden' name='answer_ids[]' class='watu-answer-ids' value='114' \/><div class='watu-question-choice'><input type='checkbox' name='answer-15[]' id='answer-id-114' class='answer answer-9  answerof-15' value='114' \/>&nbsp;<label for='answer-id-114' id='answer-label-114' class=' answer label-9'><span class='answer'>M\u00e9canique classique<\/span><\/label><\/div>\n<input type='hidden' name='answer_ids[]' class='watu-answer-ids' value='115' \/><div class='watu-question-choice'><input type='checkbox' name='answer-15[]' id='answer-id-115' class='answer answer-9  answerof-15' value='115' \/>&nbsp;<label for='answer-id-115' id='answer-label-115' class=' answer label-9'><span class='answer'>M\u00e9canique quantique<\/span><\/label><\/div>\n<\/div><input type='hidden' id='questionType9' value='checkbox' class=''><\/div><div class='watu-question' id='question-10'><div class='question-content'><p><span class='watu_num'>10. <\/span>Apr\u00e8s avoir visionn\u00e9 la vid\u00e9o \u00ab\u00a0Les \u00e9chelles de l\u2019univers_faible\u00a0\u00bb \u00e0 l\u2019adresse\u00a0<a href=\"https:\/\/www.youtube.com\/watch?v=gzGUio7rBQk\">https:\/\/www.youtube.com\/watch?v=gzGUio7rBQk<\/a>\u00a0, nommez la th\u00e9orie physique qui d\u00e9crit le monde \u00e0 l\u2019\u00e9chelle\u00a0:\u00a0<strong>Macroscopique (notre \u00e9chelle, celle de la vie de tous les jours)\u00a0<\/strong>?<\/p>\n<\/div><input type='hidden' name='question_id[]' value='16' \/><div class='watu-questions-wrap '><input type='hidden' name='answer_ids[]' class='watu-answer-ids' value='116' \/><div class='watu-question-choice'><input type='checkbox' name='answer-16[]' id='answer-id-116' class='answer answer-10  answerof-16' value='116' \/>&nbsp;<label for='answer-id-116' id='answer-label-116' class=' answer label-10'><span class='answer'>Relativit\u00e9 g\u00e9n\u00e9rale<\/span><\/label><\/div>\n<input type='hidden' name='answer_ids[]' class='watu-answer-ids' value='117' \/><div class='watu-question-choice'><input type='checkbox' name='answer-16[]' id='answer-id-117' class='answer answer-10  answerof-16' value='117' \/>&nbsp;<label for='answer-id-117' id='answer-label-117' class=' answer label-10'><span class='answer'>M\u00e9canique classique<\/span><\/label><\/div>\n<input type='hidden' name='answer_ids[]' class='watu-answer-ids' value='118' \/><div class='watu-question-choice'><input type='checkbox' name='answer-16[]' id='answer-id-118' class='answer answer-10  answerof-16' value='118' \/>&nbsp;<label for='answer-id-118' id='answer-label-118' class=' answer label-10'><span class='answer'>M\u00e9canique quantique<\/span><\/label><\/div>\n<\/div><input type='hidden' id='questionType10' value='checkbox' class=''><\/div><div class='watu-question' id='question-11'><div class='question-content'><p><span class='watu_num'>11. <\/span>Apr\u00e8s avoir visionn\u00e9 la vid\u00e9o \u00ab\u00a0Les \u00e9chelles de l\u2019univers_faible\u00a0\u00bb \u00e0 l\u2019adresse\u00a0<a href=\"https:\/\/www.youtube.com\/watch?v=gzGUio7rBQk\">https:\/\/www.youtube.com\/watch?v=gzGUio7rBQk<\/a>\u00a0, nommez la th\u00e9orie physique qui d\u00e9crit le monde \u00e0 l\u2019\u00e9chelle\u00a0:\u00a0<strong>Des atomes et des particules \u00e9l\u00e9mentaires\u00a0<\/strong>?<\/p>\n<\/div><input type='hidden' name='question_id[]' value='17' \/><div class='watu-questions-wrap '><input type='hidden' name='answer_ids[]' class='watu-answer-ids' value='119' \/><div class='watu-question-choice'><input type='checkbox' name='answer-17[]' id='answer-id-119' class='answer answer-11  answerof-17' value='119' \/>&nbsp;<label for='answer-id-119' id='answer-label-119' class=' answer label-11'><span class='answer'>Relativit\u00e9 g\u00e9n\u00e9rale<\/span><\/label><\/div>\n<input type='hidden' name='answer_ids[]' class='watu-answer-ids' value='120' \/><div class='watu-question-choice'><input type='checkbox' name='answer-17[]' id='answer-id-120' class='answer answer-11  answerof-17' value='120' \/>&nbsp;<label for='answer-id-120' id='answer-label-120' class=' answer label-11'><span class='answer'>M\u00e9canique classique<\/span><\/label><\/div>\n<input type='hidden' name='answer_ids[]' class='watu-answer-ids' value='121' \/><div class='watu-question-choice'><input type='checkbox' name='answer-17[]' id='answer-id-121' class='answer answer-11  answerof-17' value='121' \/>&nbsp;<label for='answer-id-121' id='answer-label-121' class=' answer label-11'><span class='answer'>M\u00e9canique quantique<\/span><\/label><\/div>\n<\/div><input type='hidden' id='questionType11' value='checkbox' class=''><\/div><div class='watu-question' id='question-12'><div class='question-content'><p><span class='watu_num'>12. <\/span>La formule pour calculer le volume d\u2019une sph\u00e8re est 4\u03c0r^3\/3 . Si le Soleil \u00a0a un rayon de 6,95*10^8\u00a0m et si B\u00e9telgeuse (\u00e9toile g\u00e9ante rouge dans la constellation\u00a0d\u2019Orion) a un rayon de 8,213*10^11\u00a0m, <strong>combien de fois le Soleil peut-il \u00eatre contenu dans B\u00e9telgeuse<\/strong> ?<\/p>\n<\/div><input type='hidden' name='question_id[]' value='18' \/><div class='watu-questions-wrap '><input type='hidden' name='answer_ids[]' class='watu-answer-ids' value='122' \/><div class='watu-question-choice'><input type='checkbox' name='answer-18[]' id='answer-id-122' class='answer answer-12  answerof-18' value='122' \/>&nbsp;<label for='answer-id-122' id='answer-label-122' class=' answer label-12'><span class='answer'>846<\/span><\/label><\/div>\n<input type='hidden' name='answer_ids[]' class='watu-answer-ids' value='123' \/><div class='watu-question-choice'><input type='checkbox' name='answer-18[]' id='answer-id-123' class='answer answer-12  answerof-18' value='123' \/>&nbsp;<label for='answer-id-123' id='answer-label-123' class=' answer label-12'><span class='answer'>165 000<\/span><\/label><\/div>\n<input type='hidden' name='answer_ids[]' class='watu-answer-ids' value='124' \/><div class='watu-question-choice'><input type='checkbox' name='answer-18[]' id='answer-id-124' class='answer answer-12  answerof-18' value='124' \/>&nbsp;<label for='answer-id-124' id='answer-label-124' class=' answer label-12'><span class='answer'>1,65 milliard<\/span><\/label><\/div>\n<input type='hidden' name='answer_ids[]' class='watu-answer-ids' value='125' \/><div class='watu-question-choice'><input type='checkbox' name='answer-18[]' id='answer-id-125' class='answer answer-12  answerof-18' value='125' \/>&nbsp;<label for='answer-id-125' id='answer-label-125' class=' answer label-12'><span class='answer'>846 000 000<\/span><\/label><\/div>\n<\/div><input type='hidden' id='questionType12' value='checkbox' class=''><\/div><div class='watu-question' id='question-13'><div class='question-content'><p><span class='watu_num'>13. <\/span>La puissance (ou Luminosit\u00e9) du Soleil est de 3,84*10^26\u00a0W (Watt) et sa surface est de 6*10^18\u00a0m^2.\u00a0<strong>Quelle puissance le Soleil g\u00e9n\u00e8re-t-il par m^2 de surface (Intensit\u00e9 ou brillance)<\/strong> ?<\/p>\n<\/div><input type='hidden' name='question_id[]' value='19' \/><div class='watu-questions-wrap '><input type='hidden' name='answer_ids[]' class='watu-answer-ids' value='126' \/><div class='watu-question-choice'><input type='checkbox' name='answer-19[]' id='answer-id-126' class='answer answer-13  answerof-19' value='126' \/>&nbsp;<label for='answer-id-126' id='answer-label-126' class=' answer label-13'><span class='answer'>6,4*10^7 W\/m^2<\/span><\/label><\/div>\n<input type='hidden' name='answer_ids[]' class='watu-answer-ids' value='127' \/><div class='watu-question-choice'><input type='checkbox' name='answer-19[]' id='answer-id-127' class='answer answer-13  answerof-19' value='127' \/>&nbsp;<label for='answer-id-127' id='answer-label-127' class=' answer label-13'><span class='answer'>1,56*10^5 W\/m^2<\/span><\/label><\/div>\n<\/div><input type='hidden' id='questionType13' value='checkbox' class=''><\/div><div class='watu-question' id='question-14'><div class='question-content'><p><span class='watu_num'>14. <\/span><strong>La brillance du Soleil correspond \u00e0 combien d\u2019ampoules de 100 W par m^2\u00a0de surface<\/strong> ? Utilisez votre r\u00e9ponse \u00e0 la question pr\u00e9c\u00e9dente pour r\u00e9pondre.<\/p>\n<\/div><input type='hidden' name='question_id[]' value='20' \/><div class='watu-questions-wrap '><input type='hidden' name='answer_ids[]' class='watu-answer-ids' value='128' \/><div class='watu-question-choice'><input type='checkbox' name='answer-20[]' id='answer-id-128' class='answer answer-14  answerof-20' value='128' \/>&nbsp;<label for='answer-id-128' id='answer-label-128' class=' answer label-14'><span class='answer'>1,5*10^3 ampoules<\/span><\/label><\/div>\n<input type='hidden' name='answer_ids[]' class='watu-answer-ids' value='129' \/><div class='watu-question-choice'><input type='checkbox' name='answer-20[]' id='answer-id-129' class='answer answer-14  answerof-20' value='129' \/>&nbsp;<label for='answer-id-129' id='answer-label-129' class=' answer label-14'><span class='answer'>150 ampoules<\/span><\/label><\/div>\n<input type='hidden' name='answer_ids[]' class='watu-answer-ids' value='130' \/><div class='watu-question-choice'><input type='checkbox' name='answer-20[]' id='answer-id-130' class='answer answer-14  answerof-20' value='130' \/>&nbsp;<label for='answer-id-130' id='answer-label-130' class=' answer label-14'><span class='answer'>640 000 ampoules<\/span><\/label><\/div>\n<\/div><input type='hidden' id='questionType14' value='checkbox' class=''><\/div><div style='display:none' id='question-15'><br \/><div class='question-content'><img loading=\"lazy\" decoding=\"async\" src=\"https:\/\/www.astrorimouski.net\/club\/wp-content\/plugins\/watu\/loading.gif\" width=\"16\" height=\"16\" alt=\"Chargement ...\" title=\"Chargement ...\" \/>&nbsp;Chargement &#8230;<\/div><\/div><br \/>\n\t<p>Question <span id='numQ'>1<\/span> sur 14<\/p>\n\t\t\t<input type=\"button\" id=\"prev-question\" value=\"&lt; Pr\u00e9c\u00e9dent\" onclick=\"Watu.nextQuestion(event, 'prev');\" style=\"display:none;\" \/>\n\t\t<input type=\"button\" id=\"next-question\" value=\"Suivant &gt;\"  \/>\n<input type=\"button\" name=\"action\" onclick=\"Watu.submitResult()\" id=\"action-button\" value=\"Soumettre\"  class=\"watu-submit-button\" \/>\n<input type=\"hidden\" name=\"no_ajax\" value=\"0\"><input type=\"hidden\" name=\"quiz_id\" value=\"4\" \/>\n<input type=\"hidden\" id=\"watuStartTime\" name=\"start_time\" value=\"2026-05-01 04:02:46\" \/>\n<\/form>\n<\/div>\n<div id=\"watu-loading-result\" style=\"display:none;\">\n\t<p align=\"center\"><img loading=\"lazy\" decoding=\"async\" src=\"https:\/\/www.astrorimouski.net\/club\/wp-content\/plugins\/watu\/loading.gif\" width=\"16\" height=\"16\" alt=\"Chargement\" title=\"Chargement\" \/><\/p>\n<\/div>\t\n<script type=\"text\/javascript\">\nvar exam_id=0;\nvar question_ids='';\nvar watuURL='';\njQuery(function($){\nquestion_ids = \"7,8,9,10,11,12,13,14,15,16,17,18,19,20\";\nexam_id = 4;\nWatu.exam_id = exam_id;\nWatu.qArr = question_ids.split(',');\nWatu.post_id = 1754;\nWatu.singlePage = '0';\nWatu.hAppID = \"0.57290100 1777622566\";\nwatuURL = \"https:\/\/www.astrorimouski.net\/club\/wp-admin\/admin-ajax.php\";\nWatu.noAlertUnanswered = 0;\n});\n<\/script>\n","protected":false},"excerpt":{"rendered":"","protected":false},"author":4,"featured_media":0,"parent":1739,"menu_order":1,"comment_status":"closed","ping_status":"closed","template":"","meta":{"footnotes":""},"class_list":["post-1754","page","type-page","status-publish"],"_links":{"self":[{"href":"https:\/\/www.astrorimouski.net\/club\/wp-json\/wp\/v2\/pages\/1754","targetHints":{"allow":["GET"]}}],"collection":[{"href":"https:\/\/www.astrorimouski.net\/club\/wp-json\/wp\/v2\/pages"}],"about":[{"href":"https:\/\/www.astrorimouski.net\/club\/wp-json\/wp\/v2\/types\/page"}],"author":[{"embeddable":true,"href":"https:\/\/www.astrorimouski.net\/club\/wp-json\/wp\/v2\/users\/4"}],"replies":[{"embeddable":true,"href":"https:\/\/www.astrorimouski.net\/club\/wp-json\/wp\/v2\/comments?post=1754"}],"version-history":[{"count":4,"href":"https:\/\/www.astrorimouski.net\/club\/wp-json\/wp\/v2\/pages\/1754\/revisions"}],"predecessor-version":[{"id":1822,"href":"https:\/\/www.astrorimouski.net\/club\/wp-json\/wp\/v2\/pages\/1754\/revisions\/1822"}],"up":[{"embeddable":true,"href":"https:\/\/www.astrorimouski.net\/club\/wp-json\/wp\/v2\/pages\/1739"}],"wp:attachment":[{"href":"https:\/\/www.astrorimouski.net\/club\/wp-json\/wp\/v2\/media?parent=1754"}],"curies":[{"name":"wp","href":"https:\/\/api.w.org\/{rel}","templated":true}]}}